{"id":11289,"date":"2023-11-21T16:36:20","date_gmt":"2023-11-21T14:36:20","guid":{"rendered":"https:\/\/grillandmore.lv\/shop\/?post_type=product&#038;p=11289"},"modified":"2023-11-21T17:16:47","modified_gmt":"2023-11-21T15:16:47","slug":"ellas-kannina","status":"publish","type":"product","link":"https:\/\/grillandmore.lv\/shop\/products\/ellas-kannina\/","title":{"rendered":"E\u013c\u013cas kanni\u0146a"},"content":{"rendered":"<p>* E\u013c\u013ca ir neaizst\u0101jama, izmantojot OFYR gatavo\u0161anas ier\u012bci.<br \/>\n* E\u013c\u013cas kanna ir piem\u0113rota st\u0101v\u0113\u0161anai uz karst\u0101s gatavo\u0161anas pl\u0101ksnes.<br \/>\n* Izmantojot stil\u012bgo OFYR e\u013c\u013cas kannu, e\u013c\u013cu var ieliet \u013coti doz\u0113t\u0101 veid\u0101, pateicoties ventil\u0101cijai v\u0101ci\u0146\u0101.<br \/>\n* 0,5 litru tilpums ir ide\u0101ls daudzums.<\/p>\n<p>Izm\u0113ri:\u00a0\u00d811&#215;20 cm<br \/>\nMateri\u0101ls:\u00a0Ner\u016bs\u0113jo\u0161ais t\u0113rauds<br \/>\nKop\u0113jais svars:\u00a0220 g<\/p>\n","protected":false},"excerpt":{"rendered":"<p>Skaisti izstr\u0101d\u0101ta ner\u016bs\u0113jo\u0161\u0101 t\u0113rauda e\u013c\u013ca ir ide\u0101li piem\u0113rota e\u013c\u013cas pievieno\u0161anai uz gatavo\u0161anas pl\u0101ksnes.<\/p>\n","protected":false},"featured_media":11290,"comment_status":"open","ping_status":"closed","template":"","meta":[],"pwb-brand":[308],"product_brand":[],"product_cat":[126,309,128,150],"product_tag":[],"class_list":{"0":"post-11289","1":"product","2":"type-product","3":"status-publish","4":"has-post-thumbnail","6":"pwb-brand-ofyr","7":"product_cat-malkas-grili","8":"product_cat-ofyr-piederumi","9":"product_cat-piederumi","10":"product_cat-trauki","11":"product_shipping_class-paku-skapis","13":"first","14":"onbackorder","15":"taxable","16":"shipping-taxable","17":"purchasable","18":"product-type-simple"},"brands":[{"id":308,"name":"OFYR","slug":"ofyr"}],"_links":{"self":[{"href":"https:\/\/grillandmore.lv\/shop\/wp-json\/wp\/v2\/product\/11289","targetHints":{"allow":["GET"]}}],"collection":[{"href":"https:\/\/grillandmore.lv\/shop\/wp-json\/wp\/v2\/product"}],"about":[{"href":"https:\/\/grillandmore.lv\/shop\/wp-json\/wp\/v2\/types\/product"}],"replies":[{"embeddable":true,"href":"https:\/\/grillandmore.lv\/shop\/wp-json\/wp\/v2\/comments?post=11289"}],"version-history":[{"count":1,"href":"https:\/\/grillandmore.lv\/shop\/wp-json\/wp\/v2\/product\/11289\/revisions"}],"predecessor-version":[{"id":11291,"href":"https:\/\/grillandmore.lv\/shop\/wp-json\/wp\/v2\/product\/11289\/revisions\/11291"}],"wp:featuredmedia":[{"embeddable":true,"href":"https:\/\/grillandmore.lv\/shop\/wp-json\/wp\/v2\/media\/11290"}],"wp:attachment":[{"href":"https:\/\/grillandmore.lv\/shop\/wp-json\/wp\/v2\/media?parent=11289"}],"wp:term":[{"taxonomy":"pwb-brand","embeddable":true,"href":"https:\/\/grillandmore.lv\/shop\/wp-json\/wp\/v2\/pwb-brand?post=11289"},{"taxonomy":"product_brand","embeddable":true,"href":"https:\/\/grillandmore.lv\/shop\/wp-json\/wp\/v2\/product_brand?post=11289"},{"taxonomy":"product_cat","embeddable":true,"href":"https:\/\/grillandmore.lv\/shop\/wp-json\/wp\/v2\/product_cat?post=11289"},{"taxonomy":"product_tag","embeddable":true,"href":"https:\/\/grillandmore.lv\/shop\/wp-json\/wp\/v2\/product_tag?post=11289"}],"curies":[{"name":"wp","href":"https:\/\/api.w.org\/{rel}","templated":true}]}}