{"id":11325,"date":"2023-11-21T17:48:06","date_gmt":"2023-11-21T15:48:06","guid":{"rendered":"https:\/\/grillandmore.lv\/shop\/?post_type=product&#038;p=11325"},"modified":"2023-11-21T17:48:07","modified_gmt":"2023-11-21T15:48:07","slug":"ofyr-stangas","status":"publish","type":"product","link":"https:\/\/grillandmore.lv\/shop\/products\/ofyr-stangas\/","title":{"rendered":"OFYR Stangas"},"content":{"rendered":"<p>* Neaizst\u0101jams jebkurai \u0101ra gatavo\u0161anas iek\u0101rtai.<br \/>\n* \u0112rts garums un viengabala dizains.<br \/>\n* Ide\u0101li piem\u0113rots kop\u0101 ar l\u0101psti\u0146u.<\/p>\n<p>Iizm\u0113ri:\u00a030 cm<br \/>\nMateri\u0101ls:\u00a0Ner\u016bs\u0113jo\u0161ais t\u0113rauds<br \/>\nKop\u0113jais svars:\u00a0138 g<\/p>\n","protected":false},"excerpt":{"rendered":"<p>Izgatavotas no ner\u016bs\u0113jo\u0161\u0101 t\u0113rauda ar mat\u0113tu melnu apdari, \u0161o OFYR gatavo\u0161anas knaibles ergonomiskais dizains padara to lieto\u0161anu pat\u012bkamu. \u0112rtais noapa\u013cotais dizains noz\u012bm\u0113, ka varat tos novietot uz darba virsmas vai pak\u0101rt, kad tie netiek izmantoti.<\/p>\n","protected":false},"featured_media":11326,"comment_status":"open","ping_status":"closed","template":"","meta":[],"pwb-brand":[308],"product_brand":[],"product_cat":[126,309,128,135],"product_tag":[],"class_list":{"0":"post-11325","1":"product","2":"type-product","3":"status-publish","4":"has-post-thumbnail","6":"pwb-brand-ofyr","7":"product_cat-malkas-grili","8":"product_cat-ofyr-piederumi","9":"product_cat-piederumi","10":"product_cat-piederumi-un-komplekti","12":"first","13":"onbackorder","14":"taxable","15":"shipping-taxable","16":"purchasable","17":"product-type-simple"},"brands":[{"id":308,"name":"OFYR","slug":"ofyr"}],"_links":{"self":[{"href":"https:\/\/grillandmore.lv\/shop\/wp-json\/wp\/v2\/product\/11325","targetHints":{"allow":["GET"]}}],"collection":[{"href":"https:\/\/grillandmore.lv\/shop\/wp-json\/wp\/v2\/product"}],"about":[{"href":"https:\/\/grillandmore.lv\/shop\/wp-json\/wp\/v2\/types\/product"}],"replies":[{"embeddable":true,"href":"https:\/\/grillandmore.lv\/shop\/wp-json\/wp\/v2\/comments?post=11325"}],"version-history":[{"count":1,"href":"https:\/\/grillandmore.lv\/shop\/wp-json\/wp\/v2\/product\/11325\/revisions"}],"predecessor-version":[{"id":11327,"href":"https:\/\/grillandmore.lv\/shop\/wp-json\/wp\/v2\/product\/11325\/revisions\/11327"}],"wp:featuredmedia":[{"embeddable":true,"href":"https:\/\/grillandmore.lv\/shop\/wp-json\/wp\/v2\/media\/11326"}],"wp:attachment":[{"href":"https:\/\/grillandmore.lv\/shop\/wp-json\/wp\/v2\/media?parent=11325"}],"wp:term":[{"taxonomy":"pwb-brand","embeddable":true,"href":"https:\/\/grillandmore.lv\/shop\/wp-json\/wp\/v2\/pwb-brand?post=11325"},{"taxonomy":"product_brand","embeddable":true,"href":"https:\/\/grillandmore.lv\/shop\/wp-json\/wp\/v2\/product_brand?post=11325"},{"taxonomy":"product_cat","embeddable":true,"href":"https:\/\/grillandmore.lv\/shop\/wp-json\/wp\/v2\/product_cat?post=11325"},{"taxonomy":"product_tag","embeddable":true,"href":"https:\/\/grillandmore.lv\/shop\/wp-json\/wp\/v2\/product_tag?post=11325"}],"curies":[{"name":"wp","href":"https:\/\/api.w.org\/{rel}","templated":true}]}}