{"id":11379,"date":"2024-01-07T14:25:27","date_gmt":"2024-01-07T12:25:27","guid":{"rendered":"https:\/\/grillandmore.lv\/shop\/?post_type=product&#038;p=11379"},"modified":"2024-01-07T14:25:57","modified_gmt":"2024-01-07T12:25:57","slug":"ofyr-buris-xl","status":"publish","type":"product","link":"https:\/\/grillandmore.lv\/shop\/products\/ofyr-buris-xl\/","title":{"rendered":"OFYR b\u016bris XL"},"content":{"rendered":"<p>* Pieejams OFYR gatavo\u0161anas vien\u012bbai PRO+ un OFYR XL.<br \/>\n* Ide\u0101la ier\u012bce profesion\u0101lai lieto\u0161anai un \u0113diena gatavo\u0161anai \u0161ov\u0101.<br \/>\n* Pirms uguns iekur\u0161anas j\u0101uzst\u0101da uz gatavo\u0161anas bloka.<br \/>\n* Piestiprina pie gatavo\u0161anas pl\u0101ksnes ar \u012bpa\u0161\u0101m skav\u0101m un skr\u016bv\u0113m.<br \/>\n* Piem\u0113rots aug\u013ciem, d\u0101rze\u0146iem, ga\u013cai un ziv\u012bm.<br \/>\n* Var lietot ar iesmiem un S veida \u0101\u0137iem.<\/p>\n<p>Izm\u0113rs: 150x150x119 cm<br \/>\nMateri\u0101ls: Melnais t\u0113rauds<\/p>\n","protected":false},"excerpt":{"rendered":"<p>OFYR b\u016bris ir ide\u0101ls aksesu\u0101rs profesion\u0101\u013ciem, kuriem pat\u012bk par\u0101d\u012bt k\u0101 gatavo. T\u0101 kupolveida strukt\u016bra \u013cauj piek\u0101rt \u0113dienu no t\u0113rauda sij\u0101m, radot unik\u0101lu un interakt\u012bvu vizu\u0101lo elementu. Uguns siltums l\u0113n\u0101m gatavo sast\u0101vda\u013cas, s\u0101kot no ga\u013cas un ziv\u012bm l\u012bdz aug\u013ciem un d\u0101rze\u0146iem. T\u0101 k\u0101 b\u016bris ir nostiprin\u0101ts uz \u0161\u0137\u012bvja \u0101r\u0113j\u0101s malas, gatavo\u0161anas virsma paliek br\u012bva citu \u0113dienu pagatavo\u0161anai. Sast\u0101vda\u013cas var piek\u0101rt no sij\u0101m ar iesmiem un s-\u0101\u0137iem.<\/p>\n","protected":false},"featured_media":11380,"comment_status":"open","ping_status":"closed","template":"","meta":[],"pwb-brand":[308],"product_brand":[],"product_cat":[126,309],"product_tag":[],"class_list":{"0":"post-11379","1":"product","2":"type-product","3":"status-publish","4":"has-post-thumbnail","6":"pwb-brand-ofyr","7":"product_cat-malkas-grili","8":"product_cat-ofyr-piederumi","10":"first","11":"onbackorder","12":"taxable","13":"shipping-taxable","14":"purchasable","15":"product-type-simple"},"brands":[{"id":308,"name":"OFYR","slug":"ofyr"}],"_links":{"self":[{"href":"https:\/\/grillandmore.lv\/shop\/wp-json\/wp\/v2\/product\/11379","targetHints":{"allow":["GET"]}}],"collection":[{"href":"https:\/\/grillandmore.lv\/shop\/wp-json\/wp\/v2\/product"}],"about":[{"href":"https:\/\/grillandmore.lv\/shop\/wp-json\/wp\/v2\/types\/product"}],"replies":[{"embeddable":true,"href":"https:\/\/grillandmore.lv\/shop\/wp-json\/wp\/v2\/comments?post=11379"}],"version-history":[{"count":1,"href":"https:\/\/grillandmore.lv\/shop\/wp-json\/wp\/v2\/product\/11379\/revisions"}],"predecessor-version":[{"id":11381,"href":"https:\/\/grillandmore.lv\/shop\/wp-json\/wp\/v2\/product\/11379\/revisions\/11381"}],"wp:featuredmedia":[{"embeddable":true,"href":"https:\/\/grillandmore.lv\/shop\/wp-json\/wp\/v2\/media\/11380"}],"wp:attachment":[{"href":"https:\/\/grillandmore.lv\/shop\/wp-json\/wp\/v2\/media?parent=11379"}],"wp:term":[{"taxonomy":"pwb-brand","embeddable":true,"href":"https:\/\/grillandmore.lv\/shop\/wp-json\/wp\/v2\/pwb-brand?post=11379"},{"taxonomy":"product_brand","embeddable":true,"href":"https:\/\/grillandmore.lv\/shop\/wp-json\/wp\/v2\/product_brand?post=11379"},{"taxonomy":"product_cat","embeddable":true,"href":"https:\/\/grillandmore.lv\/shop\/wp-json\/wp\/v2\/product_cat?post=11379"},{"taxonomy":"product_tag","embeddable":true,"href":"https:\/\/grillandmore.lv\/shop\/wp-json\/wp\/v2\/product_tag?post=11379"}],"curies":[{"name":"wp","href":"https:\/\/api.w.org\/{rel}","templated":true}]}}