{"id":11441,"date":"2024-01-07T15:53:23","date_gmt":"2024-01-07T13:53:23","guid":{"rendered":"https:\/\/grillandmore.lv\/shop\/?post_type=product&#038;p=11441"},"modified":"2024-01-07T15:53:23","modified_gmt":"2024-01-07T13:53:23","slug":"ofyr-mise-en-place-table-corten-65-pro-teak-wood","status":"publish","type":"product","link":"https:\/\/grillandmore.lv\/shop\/products\/ofyr-mise-en-place-table-corten-65-pro-teak-wood\/","title":{"rendered":"OFYR Mise en Place Table Corten 65 PRO Teak Wood"},"content":{"rendered":"<p>* Keramikas darba virsmu var atst\u0101t \u0101r\u0101 uz visiem laikiem, t\u012bkkoka darba virsmu vislab\u0101k tur\u0113t iek\u0161\u0101, un t\u0101 regul\u0101ri j\u0101apstr\u0101d\u0101 ar p\u0101rtikai piem\u0113rotu e\u013c\u013cu.<br \/>\n* Ar komplekt\u0101 iek\u013cauto instrumentu papl\u0101ti gar\u0161viel\u0101m un \u0113diena gatavo\u0161anas piederumiem.<br \/>\n* Mobils, pateicoties rokturim un (nebremz\u0113tajiem) rite\u0146iem.<br \/>\n* Izveidojiet piln\u012bgu \u0101ra virtuvi ar PRO l\u012bniju.<br \/>\n* Savietojams ar OFYR Insert PRO Small, ar vai bez durv\u012bm.<\/p>\n<p>IZM\u0112RI<br \/>\n95x65x89 cm<br \/>\nIZM\u0112RI B\u0100ZE<br \/>\n65x65x67 cm<br \/>\nGALVAD\u012aBAS IZM\u0112RI<br \/>\n65x65x10 cm<br \/>\nMATERI\u0100LS<br \/>\nKortena t\u0113rauds<br \/>\nNOLIKTAVAS IETILP\u012aBA<br \/>\n0,2 m\u00b3<br \/>\nKOP\u0112JAIS SVARS<br \/>\n74 kg<\/p>\n","protected":false},"excerpt":{"rendered":"<p>OFYR Mise en Place galds Corten 65 PRO ir lieliski piem\u0113rots \u0113diena pagatavo\u0161anai blakus gatavo\u0161anas vien\u012bbai. To ir viegli p\u0101rvietot un novietot sav\u0101 d\u0101rz\u0101. Ar 65 x 65 cm izm\u0113riem kompakt\u0101 forma pied\u0101v\u0101 daudz darba vietas. Grie\u0161anas d\u0113lis ir pieejams no t\u012bkkoka un tum\u0161i pel\u0113kas keramikas.<\/p>\n","protected":false},"featured_media":11443,"comment_status":"open","ping_status":"closed","template":"","meta":[],"pwb-brand":[308],"product_brand":[],"product_cat":[312,126],"product_tag":[],"class_list":{"0":"post-11441","1":"product","2":"type-product","3":"status-publish","4":"has-post-thumbnail","6":"pwb-brand-ofyr","7":"product_cat-galdi-malkas-grili","8":"product_cat-malkas-grili","10":"first","11":"onbackorder","12":"taxable","13":"shipping-taxable","14":"purchasable","15":"product-type-simple"},"brands":[{"id":308,"name":"OFYR","slug":"ofyr"}],"_links":{"self":[{"href":"https:\/\/grillandmore.lv\/shop\/wp-json\/wp\/v2\/product\/11441","targetHints":{"allow":["GET"]}}],"collection":[{"href":"https:\/\/grillandmore.lv\/shop\/wp-json\/wp\/v2\/product"}],"about":[{"href":"https:\/\/grillandmore.lv\/shop\/wp-json\/wp\/v2\/types\/product"}],"replies":[{"embeddable":true,"href":"https:\/\/grillandmore.lv\/shop\/wp-json\/wp\/v2\/comments?post=11441"}],"version-history":[{"count":1,"href":"https:\/\/grillandmore.lv\/shop\/wp-json\/wp\/v2\/product\/11441\/revisions"}],"predecessor-version":[{"id":11444,"href":"https:\/\/grillandmore.lv\/shop\/wp-json\/wp\/v2\/product\/11441\/revisions\/11444"}],"wp:featuredmedia":[{"embeddable":true,"href":"https:\/\/grillandmore.lv\/shop\/wp-json\/wp\/v2\/media\/11443"}],"wp:attachment":[{"href":"https:\/\/grillandmore.lv\/shop\/wp-json\/wp\/v2\/media?parent=11441"}],"wp:term":[{"taxonomy":"pwb-brand","embeddable":true,"href":"https:\/\/grillandmore.lv\/shop\/wp-json\/wp\/v2\/pwb-brand?post=11441"},{"taxonomy":"product_brand","embeddable":true,"href":"https:\/\/grillandmore.lv\/shop\/wp-json\/wp\/v2\/product_brand?post=11441"},{"taxonomy":"product_cat","embeddable":true,"href":"https:\/\/grillandmore.lv\/shop\/wp-json\/wp\/v2\/product_cat?post=11441"},{"taxonomy":"product_tag","embeddable":true,"href":"https:\/\/grillandmore.lv\/shop\/wp-json\/wp\/v2\/product_tag?post=11441"}],"curies":[{"name":"wp","href":"https:\/\/api.w.org\/{rel}","templated":true}]}}