{"id":11452,"date":"2024-01-07T16:05:27","date_gmt":"2024-01-07T14:05:27","guid":{"rendered":"https:\/\/grillandmore.lv\/shop\/?post_type=product&#038;p=11452"},"modified":"2024-01-07T16:05:27","modified_gmt":"2024-01-07T14:05:27","slug":"ofyr-mise-en-place-table-black-65-pro-dark-grey-ceramic","status":"publish","type":"product","link":"https:\/\/grillandmore.lv\/shop\/products\/ofyr-mise-en-place-table-black-65-pro-dark-grey-ceramic\/","title":{"rendered":"OFYR Mise en Place Table Black 65 PRO Dark Grey Ceramic"},"content":{"rendered":"<p>* Keramikas darba virsmu var atst\u0101t \u0101r\u0101 uz visiem laikiem, t\u012bkkoka darba virsmu vislab\u0101k tur\u0113t iek\u0161\u0101, un t\u0101 regul\u0101ri j\u0101apstr\u0101d\u0101 ar p\u0101rtikai piem\u0113rotu e\u013c\u013cu.<br \/>\n* Ar komplekt\u0101 iek\u013cauto instrumentu papl\u0101ti gar\u0161viel\u0101m un \u0113diena gatavo\u0161anas piederumiem.<br \/>\n* Mobils, pateicoties rokturim un (nebremz\u0113tajiem) rite\u0146iem.<br \/>\n* Izveidojiet piln\u012bgu \u0101ra virtuvi ar PRO l\u012bniju.<br \/>\n* Savietojams ar OFYR Insert PRO Small, ar vai bez durv\u012bm.<\/p>\n<p>Izm\u0113ri: 95x65x89 cm<br \/>\nB\u0101zes izm\u0113rs: 65x65x67 cm<br \/>\nGalda izm\u0113rs: 65x65x10 cm<br \/>\nMateri\u0101ls: T\u0113rauds ar melnu p\u0101rkl\u0101jumu<br \/>\nNovietnes ietilp\u012bba: 0,2 m\u00b3<br \/>\nKop\u0113jais svars: 78 kg<\/p>\n","protected":false},"excerpt":{"rendered":"<p>OFYR Mise en Place galds Corten 65 PRO ir lieliski piem\u0113rots \u0113diena pagatavo\u0161anai blakus gatavo\u0161anas vien\u012bbai. To ir viegli p\u0101rvietot un novietot sav\u0101 d\u0101rz\u0101. Ar 65 x 65 cm izm\u0113riem kompakt\u0101 forma pied\u0101v\u0101 daudz darba vietas. Grie\u0161anas d\u0113lis ir pieejams no t\u012bkkoka un tum\u0161i pel\u0113kas keramikas.<\/p>\n","protected":false},"featured_media":11453,"comment_status":"open","ping_status":"closed","template":"","meta":[],"pwb-brand":[308],"product_brand":[],"product_cat":[312,126],"product_tag":[],"class_list":{"0":"post-11452","1":"product","2":"type-product","3":"status-publish","4":"has-post-thumbnail","6":"pwb-brand-ofyr","7":"product_cat-galdi-malkas-grili","8":"product_cat-malkas-grili","10":"first","11":"onbackorder","12":"taxable","13":"shipping-taxable","14":"purchasable","15":"product-type-simple"},"brands":[{"id":308,"name":"OFYR","slug":"ofyr"}],"_links":{"self":[{"href":"https:\/\/grillandmore.lv\/shop\/wp-json\/wp\/v2\/product\/11452","targetHints":{"allow":["GET"]}}],"collection":[{"href":"https:\/\/grillandmore.lv\/shop\/wp-json\/wp\/v2\/product"}],"about":[{"href":"https:\/\/grillandmore.lv\/shop\/wp-json\/wp\/v2\/types\/product"}],"replies":[{"embeddable":true,"href":"https:\/\/grillandmore.lv\/shop\/wp-json\/wp\/v2\/comments?post=11452"}],"version-history":[{"count":1,"href":"https:\/\/grillandmore.lv\/shop\/wp-json\/wp\/v2\/product\/11452\/revisions"}],"predecessor-version":[{"id":11454,"href":"https:\/\/grillandmore.lv\/shop\/wp-json\/wp\/v2\/product\/11452\/revisions\/11454"}],"wp:featuredmedia":[{"embeddable":true,"href":"https:\/\/grillandmore.lv\/shop\/wp-json\/wp\/v2\/media\/11453"}],"wp:attachment":[{"href":"https:\/\/grillandmore.lv\/shop\/wp-json\/wp\/v2\/media?parent=11452"}],"wp:term":[{"taxonomy":"pwb-brand","embeddable":true,"href":"https:\/\/grillandmore.lv\/shop\/wp-json\/wp\/v2\/pwb-brand?post=11452"},{"taxonomy":"product_brand","embeddable":true,"href":"https:\/\/grillandmore.lv\/shop\/wp-json\/wp\/v2\/product_brand?post=11452"},{"taxonomy":"product_cat","embeddable":true,"href":"https:\/\/grillandmore.lv\/shop\/wp-json\/wp\/v2\/product_cat?post=11452"},{"taxonomy":"product_tag","embeddable":true,"href":"https:\/\/grillandmore.lv\/shop\/wp-json\/wp\/v2\/product_tag?post=11452"}],"curies":[{"name":"wp","href":"https:\/\/api.w.org\/{rel}","templated":true}]}}