{"id":11500,"date":"2024-01-07T16:55:23","date_gmt":"2024-01-07T14:55:23","guid":{"rendered":"https:\/\/grillandmore.lv\/shop\/?post_type=product&#038;p=11500"},"modified":"2024-01-07T16:55:23","modified_gmt":"2024-01-07T14:55:23","slug":"ofyr-kokosriekstu-briketes-6x2kg","status":"publish","type":"product","link":"https:\/\/grillandmore.lv\/shop\/products\/ofyr-kokosriekstu-briketes-6x2kg\/","title":{"rendered":"OFYR kokosriekstu briketes (6x2kg)"},"content":{"rendered":"<p>* Lieliski piem\u0113rots lieto\u0161anai OFYR Tabl&#8217;O.<br \/>\n* 1 kast\u012bt\u0113 ir 36 briketes, kas \u013caus gatavot 2 reizes.<br \/>\n* \u0160\u012bs kokosriekstu briketes ir iztur\u012bgas, nav d\u016bmu, kad t\u0101s non\u0101k Tabl&#8217;O, tikai iedarbinot komplekt\u0101 iek\u013cautaj\u0101 Quick Starter. Tie ar\u012b neizplata nek\u0101du smaku.<\/p>\n<p>Izm\u0113ri: 13x13x25 cm<br \/>\nKop\u0113jais svars: 12 kg<\/p>\n","protected":false},"excerpt":{"rendered":"<p>OFYR kokosriekstu briketes ir ide\u0101li piem\u0113rotas lieto\u0161anai kop\u0101 ar OFYR Tabl\u2019O. Tie ir \u0101rk\u0101rt\u012bgi efekt\u012bvi: liels karstums, ilgsto\u0161a deg\u0161ana (2-3 stundas) ar minim\u0101lu d\u016bmu daudzumu, minim\u0101la smaka un \u013coti ierobe\u017eots atkritumu daudzums. Tie ir kompakti un 100% ilgtsp\u0113j\u012bgi, izgatavoti no kokosriekstu atkritumiem. Kombin\u0101cij\u0101 ar OFYR Quick Starter Tabl&#8217;O ir gatavs lieto\u0161anai \u012bs\u0101 laik\u0101.<\/p>\n<p>Pieejams kast\u0113s pa 6x 2kg maisiem<\/p>\n","protected":false},"featured_media":11501,"comment_status":"open","ping_status":"closed","template":"","meta":[],"pwb-brand":[308],"product_brand":[],"product_cat":[314,95,125],"product_tag":[],"class_list":{"0":"post-11500","1":"product","2":"type-product","3":"status-publish","4":"has-post-thumbnail","6":"pwb-brand-ofyr","7":"product_cat-galda-grili","8":"product_cat-kokogles","9":"product_cat-kokoglu-grili","11":"first","12":"onbackorder","13":"taxable","14":"shipping-taxable","15":"purchasable","16":"product-type-simple"},"brands":[{"id":308,"name":"OFYR","slug":"ofyr"}],"_links":{"self":[{"href":"https:\/\/grillandmore.lv\/shop\/wp-json\/wp\/v2\/product\/11500","targetHints":{"allow":["GET"]}}],"collection":[{"href":"https:\/\/grillandmore.lv\/shop\/wp-json\/wp\/v2\/product"}],"about":[{"href":"https:\/\/grillandmore.lv\/shop\/wp-json\/wp\/v2\/types\/product"}],"replies":[{"embeddable":true,"href":"https:\/\/grillandmore.lv\/shop\/wp-json\/wp\/v2\/comments?post=11500"}],"version-history":[{"count":1,"href":"https:\/\/grillandmore.lv\/shop\/wp-json\/wp\/v2\/product\/11500\/revisions"}],"predecessor-version":[{"id":11503,"href":"https:\/\/grillandmore.lv\/shop\/wp-json\/wp\/v2\/product\/11500\/revisions\/11503"}],"wp:featuredmedia":[{"embeddable":true,"href":"https:\/\/grillandmore.lv\/shop\/wp-json\/wp\/v2\/media\/11501"}],"wp:attachment":[{"href":"https:\/\/grillandmore.lv\/shop\/wp-json\/wp\/v2\/media?parent=11500"}],"wp:term":[{"taxonomy":"pwb-brand","embeddable":true,"href":"https:\/\/grillandmore.lv\/shop\/wp-json\/wp\/v2\/pwb-brand?post=11500"},{"taxonomy":"product_brand","embeddable":true,"href":"https:\/\/grillandmore.lv\/shop\/wp-json\/wp\/v2\/product_brand?post=11500"},{"taxonomy":"product_cat","embeddable":true,"href":"https:\/\/grillandmore.lv\/shop\/wp-json\/wp\/v2\/product_cat?post=11500"},{"taxonomy":"product_tag","embeddable":true,"href":"https:\/\/grillandmore.lv\/shop\/wp-json\/wp\/v2\/product_tag?post=11500"}],"curies":[{"name":"wp","href":"https:\/\/api.w.org\/{rel}","templated":true}]}}