{"id":11583,"date":"2025-05-25T12:06:13","date_gmt":"2025-05-25T09:06:13","guid":{"rendered":"https:\/\/grillandmore.lv\/shop\/?post_type=product&#038;p=11583"},"modified":"2025-05-25T12:06:13","modified_gmt":"2025-05-25T09:06:13","slug":"weber-genesis-ep-335","status":"publish","type":"product","link":"https:\/\/grillandmore.lv\/shop\/products\/weber-genesis-ep-335\/","title":{"rendered":"Weber Genesis EP-335"},"content":{"rendered":"<p>12 gadu ierobe\u017eota garantija<br \/>\nPolez\u0101na emalj\u0113ts v\u0101ks ar uz s\u0101nu galdi\u0146a piestiprin\u0101tu digit\u0101lo termometru<br \/>\nIzvelkamas sekund\u0101r\u0101s gatavo\u0161anas re\u017e\u0123i<br \/>\nIntegr\u0113ts roktura apgaismojums<br \/>\nIek\u013cauts Weber Crafted r\u0101mis; papla\u0161iniet savu \u0113dienkarti ar piel\u0101gotiem grila piederumiem<br \/>\nLiela Weber Crafted s\u0101nu uzglab\u0101\u0161anas vieta visiem j\u016bsu piederumiem<br \/>\n3 deg\u013cu grils ar Boost Mode Sear Zone nodro\u0161ina augst\u0101ku BTU perfektiem apcep\u0161anas rezult\u0101tiem<br \/>\nPapildu speci\u0101ls augstas temperat\u016bras apcep\u0161anas deglis<br \/>\nLiels s\u0101nu galds ar ievietojamu Weber Works System un Snap-On piederumu sader\u012bbu<br \/>\nSaut\u0113jiet, v\u0101riet \u016bdeni vai sildiet m\u0113rces uz s\u0101nu deg\u013ca<br \/>\nNer\u016bs\u0113jo\u0161\u0101 t\u0113rauda Flavorizer\u2122 stie\u0146i, kas uztver d\u016bmojo\u0161us un \u0161\u0146\u0101co\u0161us pilienus, pie\u0161\u0137irot j\u016bsu \u0113dienam d\u016bmakainu gar\u0161u<br \/>\nInfinity Ignition, kas \u013cauj deg\u013ciem \u0101tri aizdegties katru reizi<br \/>\nIzvelkama emalj\u0113ta tauku papl\u0101te \u0113rtai t\u012br\u012b\u0161anai<br \/>\nG\u0101zes tvertne glab\u0101jas lielaj\u0101 uzglab\u0101\u0161anas skap\u012b<br \/>\nAugstas kvalit\u0101tes groz\u0101mi un blo\u0137\u0113jami ritenti\u0146i<\/p>\n<p>G\u0100ZE<br \/>\nGatavo\u0161anas re\u017e\u0123is: 68 x 48 cm<br \/>\nKr\u0101sa: melna<\/p>\n<p>IZM\u0112RI: A x Dz x P<br \/>\nProdukta izm\u0113rs ar atv\u0113rtu v\u0101ku: 160 x 78 x 166 cm<br \/>\nProdukta izm\u0113rs ar aizv\u0113rtu v\u0101ku: 122 x 69 x 166 cm<br \/>\nProdukta un iepakojuma svars: 95 kg<br \/>\nProdukta svars: 73 kg<br \/>\nIepakojuma izm\u0113rs: 66 x 92 x 78 cm<\/p>\n","protected":false},"excerpt":{"rendered":"<p style=\"text-align: justify;\">Augst\u0101k\u0101s klases grils ar 3 deg\u013ciem, \u012bpa\u0161i izstr\u0101d\u0101ts grils, pievilc\u012bgs dizains un augst\u0101k\u0101s kvalit\u0101tes apdare. Lieli plaukti, sl\u0113gts skapis un Weber Works s\u0101nu panelis piederumu glab\u0101\u0161anai. S\u0101nu deg\u013ca un rokturu apgaismojums.<\/p>\n","protected":false},"featured_media":11585,"comment_status":"open","ping_status":"closed","template":"","meta":[],"pwb-brand":[133],"product_brand":[316],"product_cat":[124],"product_tag":[],"class_list":{"0":"post-11583","1":"product","2":"type-product","3":"status-publish","4":"has-post-thumbnail","6":"pwb-brand-weber","7":"product_brand-weber","8":"product_cat-gazes-grili","9":"product_shipping_class-kurjers","11":"first","12":"onbackorder","13":"taxable","14":"shipping-taxable","15":"purchasable","16":"product-type-simple"},"brands":[{"id":133,"name":"Weber","slug":"weber"}],"_links":{"self":[{"href":"https:\/\/grillandmore.lv\/shop\/wp-json\/wp\/v2\/product\/11583","targetHints":{"allow":["GET"]}}],"collection":[{"href":"https:\/\/grillandmore.lv\/shop\/wp-json\/wp\/v2\/product"}],"about":[{"href":"https:\/\/grillandmore.lv\/shop\/wp-json\/wp\/v2\/types\/product"}],"replies":[{"embeddable":true,"href":"https:\/\/grillandmore.lv\/shop\/wp-json\/wp\/v2\/comments?post=11583"}],"version-history":[{"count":1,"href":"https:\/\/grillandmore.lv\/shop\/wp-json\/wp\/v2\/product\/11583\/revisions"}],"predecessor-version":[{"id":11586,"href":"https:\/\/grillandmore.lv\/shop\/wp-json\/wp\/v2\/product\/11583\/revisions\/11586"}],"wp:featuredmedia":[{"embeddable":true,"href":"https:\/\/grillandmore.lv\/shop\/wp-json\/wp\/v2\/media\/11585"}],"wp:attachment":[{"href":"https:\/\/grillandmore.lv\/shop\/wp-json\/wp\/v2\/media?parent=11583"}],"wp:term":[{"taxonomy":"pwb-brand","embeddable":true,"href":"https:\/\/grillandmore.lv\/shop\/wp-json\/wp\/v2\/pwb-brand?post=11583"},{"taxonomy":"product_brand","embeddable":true,"href":"https:\/\/grillandmore.lv\/shop\/wp-json\/wp\/v2\/product_brand?post=11583"},{"taxonomy":"product_cat","embeddable":true,"href":"https:\/\/grillandmore.lv\/shop\/wp-json\/wp\/v2\/product_cat?post=11583"},{"taxonomy":"product_tag","embeddable":true,"href":"https:\/\/grillandmore.lv\/shop\/wp-json\/wp\/v2\/product_tag?post=11583"}],"curies":[{"name":"wp","href":"https:\/\/api.w.org\/{rel}","templated":true}]}}