{"id":11656,"date":"2025-05-26T17:55:57","date_gmt":"2025-05-26T14:55:57","guid":{"rendered":"https:\/\/grillandmore.lv\/shop\/?post_type=product&#038;p=11656"},"modified":"2025-05-26T17:55:57","modified_gmt":"2025-05-26T14:55:57","slug":"weber-genesis-epx-335","status":"publish","type":"product","link":"https:\/\/grillandmore.lv\/shop\/products\/weber-genesis-epx-335\/","title":{"rendered":"Weber Genesis EPX-335"},"content":{"rendered":"<p>10 gadu garantija lieliskai grila pieredzei gadiem ilgi<br \/>\nPapla\u0161in\u0101ma aug\u0161\u0113j\u0101 gatavo\u0161anas reste rada otro grila l\u012bmeni<br \/>\nAr porcel\u0101nu emalj\u0113tas \u010duguna gatavo\u0161anas restes<br \/>\nApcepiet vair\u0101kus steikus vienlaikus uz \u012bpa\u0161i liel\u0101s apcep\u0161anas zonas<br \/>\nNakts apgaismojums izgaismo visu grila virsmu<br \/>\nWEBER CRAFTED r\u0101mis; papla\u0161iniet savu \u0113dienkarti ar piel\u0101gotiem grila piederumiem<br \/>\nZiniet, kad apgriezt un pasniegt, izmantojot WEBER CONNECT vied\u0101s tehnolo\u0123ijas<br \/>\nNer\u016bs\u0113jo\u0161\u0101 t\u0113rauda aromatiz\u0113\u0161anas stie\u0146i, kas uztver d\u016bmojo\u0161us un \u0161\u0146\u0101co\u0161us pilienus, pie\u0161\u0137irot \u0113dienam d\u016bmakainu gar\u0161u<br \/>\nJauns, elegants dizains ar pul\u0113tu met\u0101la rokturi un vad\u012bbas pog\u0101m<br \/>\nInfinity Ignition, kas \u013cauj deg\u013ciem \u0101tri aizdegties katru reizi<br \/>\n3 deg\u013ci, kas nodro\u0161ina optim\u0101lu siltuma sadali<br \/>\nS\u0101nu deglis: ide\u0101li piem\u0113rots m\u0113r\u010du gatavo\u0161anai vai kartupe\u013cu v\u0101r\u012b\u0161anai<\/p>\n<p>G\u0100ZE<br \/>\nGatavo\u0161anas re\u017e\u0123is: 68 x 48 cm<br \/>\nKr\u0101sa: melna<\/p>\n<p>IZM\u0112RI: A x Dz x P<br \/>\nProdukta izm\u0113rs ar atv\u0113rtu v\u0101ku: 160 x 79 x 158 cm<br \/>\nProdukta izm\u0113rs ar aizv\u0113rtu v\u0101ku: 122 x 69 x 156 cm<br \/>\nProdukta un iepakojuma svars: 95 kg<br \/>\nProdukta svars: 80 kg<br \/>\nIepakojuma izm\u0113rs: 65 x 77 x 108 cm<\/p>\n","protected":false},"excerpt":{"rendered":"<p style=\"text-align: justify;\">Iepaz\u012bstin\u0101m ar GENESIS viedgrilu \u2014 liel\u0101ko gril\u0113\u0161anas inov\u0101ciju p\u0113d\u0113jo desmitga\u017eu laik\u0101, kas rada pilnv\u0113rt\u012bgu kulin\u0101rijas pieredzi br\u012bv\u0101 dab\u0101. Cepiet, cepiet cepe\u0161kr\u0101sn\u012b, tvaic\u0113jiet vai pat cepiet vokpann\u0101, aizst\u0101jot gatavo\u0161anas re\u017e\u0123i ar piel\u0101gotu WEBER CRAFTED grila trauku, iedvesmojot \u0113dienu, kas nekad iepriek\u0161 nebija iedom\u0101ts par iesp\u0113jamu uz grila.<\/p>\n","protected":false},"featured_media":11658,"comment_status":"open","ping_status":"closed","template":"","meta":[],"pwb-brand":[133],"product_brand":[316],"product_cat":[124],"product_tag":[],"class_list":{"0":"post-11656","1":"product","2":"type-product","3":"status-publish","4":"has-post-thumbnail","6":"pwb-brand-weber","7":"product_brand-weber","8":"product_cat-gazes-grili","9":"product_shipping_class-kurjers","11":"first","12":"onbackorder","13":"taxable","14":"shipping-taxable","15":"purchasable","16":"product-type-simple"},"brands":[{"id":133,"name":"Weber","slug":"weber"}],"_links":{"self":[{"href":"https:\/\/grillandmore.lv\/shop\/wp-json\/wp\/v2\/product\/11656","targetHints":{"allow":["GET"]}}],"collection":[{"href":"https:\/\/grillandmore.lv\/shop\/wp-json\/wp\/v2\/product"}],"about":[{"href":"https:\/\/grillandmore.lv\/shop\/wp-json\/wp\/v2\/types\/product"}],"replies":[{"embeddable":true,"href":"https:\/\/grillandmore.lv\/shop\/wp-json\/wp\/v2\/comments?post=11656"}],"version-history":[{"count":1,"href":"https:\/\/grillandmore.lv\/shop\/wp-json\/wp\/v2\/product\/11656\/revisions"}],"predecessor-version":[{"id":11659,"href":"https:\/\/grillandmore.lv\/shop\/wp-json\/wp\/v2\/product\/11656\/revisions\/11659"}],"wp:featuredmedia":[{"embeddable":true,"href":"https:\/\/grillandmore.lv\/shop\/wp-json\/wp\/v2\/media\/11658"}],"wp:attachment":[{"href":"https:\/\/grillandmore.lv\/shop\/wp-json\/wp\/v2\/media?parent=11656"}],"wp:term":[{"taxonomy":"pwb-brand","embeddable":true,"href":"https:\/\/grillandmore.lv\/shop\/wp-json\/wp\/v2\/pwb-brand?post=11656"},{"taxonomy":"product_brand","embeddable":true,"href":"https:\/\/grillandmore.lv\/shop\/wp-json\/wp\/v2\/product_brand?post=11656"},{"taxonomy":"product_cat","embeddable":true,"href":"https:\/\/grillandmore.lv\/shop\/wp-json\/wp\/v2\/product_cat?post=11656"},{"taxonomy":"product_tag","embeddable":true,"href":"https:\/\/grillandmore.lv\/shop\/wp-json\/wp\/v2\/product_tag?post=11656"}],"curies":[{"name":"wp","href":"https:\/\/api.w.org\/{rel}","templated":true}]}}