{"id":11696,"date":"2025-06-10T19:02:12","date_gmt":"2025-06-10T16:02:12","guid":{"rendered":"https:\/\/grillandmore.lv\/shop\/?post_type=product&#038;p=11696"},"modified":"2025-06-10T19:02:12","modified_gmt":"2025-06-10T16:02:12","slug":"weber-traveler","status":"publish","type":"product","link":"https:\/\/grillandmore.lv\/shop\/products\/weber-traveler\/","title":{"rendered":"Weber Traveler"},"content":{"rendered":"<p>Gatavo\u0161anas telpa 2065 kv. cm<br \/>\nAr porcel\u0101nu emalj\u0113tas, \u010duguna gatavo\u0161anas re\u017e\u0123i<br \/>\nAr porcel\u0101nu emalj\u0113ts v\u0101ks un gatavo\u0161anas kaste<br \/>\nAutom\u0101tiska v\u0101ka blo\u0137\u0113\u0161ana<br \/>\n13\u00a0715 kJ<br \/>\nLiels s\u0101nu galds ar instrumentu \u0101\u0137iem<br \/>\nViens deglis<br \/>\nIztur\u012bgs rati\u0146u r\u0101mis<br \/>\nUzst\u0101d\u012b\u0161ana un saloc\u012b\u0161ana ar vienu roku<br \/>\nKompakts saloc\u012bjums minim\u0101lai uzglab\u0101\u0161anas vietai un viegli ievietojams automa\u0161\u012bnas bag\u0101\u017eniek\u0101<\/p>\n<p>G\u0100ZE<br \/>\nGatavo\u0161anas re\u017e\u0123is: 63 x 34 cm<br \/>\nKr\u0101sa: melna<\/p>\n<p>IZM\u0112RI: A x Dz x P<br \/>\nProdukta izm\u0113rs ar atv\u0113rtu v\u0101ku: 127 x 66 x 111 cm<br \/>\nProdukta izm\u0113rs ar aizv\u0113rtu v\u0101ku: 94 x 59 x 111 cm<br \/>\nProdukta un iepakojuma svars: 31 kg<br \/>\nProdukta svars: 22 kg<br \/>\nIepakojuma izm\u0113rs: 37 x 57 x 108 cm<\/p>\n","protected":false},"excerpt":{"rendered":"<p style=\"text-align: justify;\">Weber Traveler ir paredz\u0113ts ikvienam, kur\u0161 v\u0113las gardu gril\u0113tu \u0113dienu \u0101rpus m\u0101j\u0101m. Neatkar\u012bgi no t\u0101, vai dodaties kemping\u0101, dodaties p\u0101rg\u0101jien\u0101 vai r\u012bkojat pikniku, t\u0101 iztur\u012bgais un kompaktais dizains nodro\u0161ina nevainojamu pieredzi, s\u0101kot no uzst\u0101d\u012b\u0161anas l\u012bdz uzglab\u0101\u0161anai. Izbaudiet ce\u013cojumu ar piem\u0101jas kvalit\u0101tes \u0113dienu, lai kurp j\u016bs aizvestu piedz\u012bvojums.<\/p>\n","protected":false},"featured_media":11697,"comment_status":"open","ping_status":"closed","template":"","meta":[],"pwb-brand":[133],"product_brand":[],"product_cat":[124],"product_tag":[],"class_list":{"0":"post-11696","1":"product","2":"type-product","3":"status-publish","4":"has-post-thumbnail","6":"pwb-brand-weber","7":"product_cat-gazes-grili","8":"product_shipping_class-kurjers","10":"first","11":"onbackorder","12":"taxable","13":"shipping-taxable","14":"purchasable","15":"product-type-simple"},"brands":[{"id":133,"name":"Weber","slug":"weber"}],"_links":{"self":[{"href":"https:\/\/grillandmore.lv\/shop\/wp-json\/wp\/v2\/product\/11696","targetHints":{"allow":["GET"]}}],"collection":[{"href":"https:\/\/grillandmore.lv\/shop\/wp-json\/wp\/v2\/product"}],"about":[{"href":"https:\/\/grillandmore.lv\/shop\/wp-json\/wp\/v2\/types\/product"}],"replies":[{"embeddable":true,"href":"https:\/\/grillandmore.lv\/shop\/wp-json\/wp\/v2\/comments?post=11696"}],"version-history":[{"count":1,"href":"https:\/\/grillandmore.lv\/shop\/wp-json\/wp\/v2\/product\/11696\/revisions"}],"predecessor-version":[{"id":11698,"href":"https:\/\/grillandmore.lv\/shop\/wp-json\/wp\/v2\/product\/11696\/revisions\/11698"}],"wp:featuredmedia":[{"embeddable":true,"href":"https:\/\/grillandmore.lv\/shop\/wp-json\/wp\/v2\/media\/11697"}],"wp:attachment":[{"href":"https:\/\/grillandmore.lv\/shop\/wp-json\/wp\/v2\/media?parent=11696"}],"wp:term":[{"taxonomy":"pwb-brand","embeddable":true,"href":"https:\/\/grillandmore.lv\/shop\/wp-json\/wp\/v2\/pwb-brand?post=11696"},{"taxonomy":"product_brand","embeddable":true,"href":"https:\/\/grillandmore.lv\/shop\/wp-json\/wp\/v2\/product_brand?post=11696"},{"taxonomy":"product_cat","embeddable":true,"href":"https:\/\/grillandmore.lv\/shop\/wp-json\/wp\/v2\/product_cat?post=11696"},{"taxonomy":"product_tag","embeddable":true,"href":"https:\/\/grillandmore.lv\/shop\/wp-json\/wp\/v2\/product_tag?post=11696"}],"curies":[{"name":"wp","href":"https:\/\/api.w.org\/{rel}","templated":true}]}}