{"id":2731,"date":"2023-03-15T10:29:56","date_gmt":"2023-03-15T08:29:56","guid":{"rendered":"https:\/\/grillandmore.lv\/shop\/?post_type=product&#038;p=2731"},"modified":"2023-11-12T15:07:14","modified_gmt":"2023-11-12T13:07:14","slug":"weber-non-stick-aerosols-200ml","status":"publish","type":"product","link":"https:\/\/grillandmore.lv\/shop\/products\/weber-non-stick-aerosols-200ml\/","title":{"rendered":"Weber NON-STICK aerosols 200ml"},"content":{"rendered":"","protected":false},"excerpt":{"rendered":"<p>Aerosols paredz\u0113ts, lai iee\u013c\u013cotu gatavo\u0161anas virsmu. Izgatavots no 100% dab\u012bg\u0101m sast\u0101vda\u013c\u0101m. Izsmidziniet tie\u0161i uz rest\u0113m, lieciet \u0113dienu un s\u0101ciet gril\u0113t. Izmantot p\u0113c gril\u0113\u0161anas, lai\u00a0 aizsarg\u0101tu virsu pret koroziju.<\/p>\n","protected":false},"featured_media":2730,"comment_status":"open","ping_status":"closed","template":"","meta":[],"pwb-brand":[133],"product_brand":[],"product_cat":[128,140],"product_tag":[],"class_list":{"0":"post-2731","1":"product","2":"type-product","3":"status-publish","4":"has-post-thumbnail","6":"pwb-brand-weber","7":"product_cat-piederumi","8":"product_cat-tirisanas-lidzekli","9":"product_shipping_class-paku-skapis","11":"first","12":"onbackorder","13":"taxable","14":"shipping-taxable","15":"purchasable","16":"product-type-simple"},"brands":[{"id":133,"name":"Weber","slug":"weber"}],"_links":{"self":[{"href":"https:\/\/grillandmore.lv\/shop\/wp-json\/wp\/v2\/product\/2731","targetHints":{"allow":["GET"]}}],"collection":[{"href":"https:\/\/grillandmore.lv\/shop\/wp-json\/wp\/v2\/product"}],"about":[{"href":"https:\/\/grillandmore.lv\/shop\/wp-json\/wp\/v2\/types\/product"}],"replies":[{"embeddable":true,"href":"https:\/\/grillandmore.lv\/shop\/wp-json\/wp\/v2\/comments?post=2731"}],"version-history":[{"count":1,"href":"https:\/\/grillandmore.lv\/shop\/wp-json\/wp\/v2\/product\/2731\/revisions"}],"predecessor-version":[{"id":6557,"href":"https:\/\/grillandmore.lv\/shop\/wp-json\/wp\/v2\/product\/2731\/revisions\/6557"}],"wp:featuredmedia":[{"embeddable":true,"href":"https:\/\/grillandmore.lv\/shop\/wp-json\/wp\/v2\/media\/2730"}],"wp:attachment":[{"href":"https:\/\/grillandmore.lv\/shop\/wp-json\/wp\/v2\/media?parent=2731"}],"wp:term":[{"taxonomy":"pwb-brand","embeddable":true,"href":"https:\/\/grillandmore.lv\/shop\/wp-json\/wp\/v2\/pwb-brand?post=2731"},{"taxonomy":"product_brand","embeddable":true,"href":"https:\/\/grillandmore.lv\/shop\/wp-json\/wp\/v2\/product_brand?post=2731"},{"taxonomy":"product_cat","embeddable":true,"href":"https:\/\/grillandmore.lv\/shop\/wp-json\/wp\/v2\/product_cat?post=2731"},{"taxonomy":"product_tag","embeddable":true,"href":"https:\/\/grillandmore.lv\/shop\/wp-json\/wp\/v2\/product_tag?post=2731"}],"curies":[{"name":"wp","href":"https:\/\/api.w.org\/{rel}","templated":true}]}}