{"id":2829,"date":"2023-03-16T08:22:25","date_gmt":"2023-03-16T06:22:25","guid":{"rendered":"https:\/\/grillandmore.lv\/shop\/?post_type=product&#038;p=2829"},"modified":"2023-11-12T15:20:46","modified_gmt":"2023-11-12T13:20:46","slug":"weber-briketes-4kg","status":"publish","type":"product","link":"https:\/\/grillandmore.lv\/shop\/products\/weber-briketes-4kg\/","title":{"rendered":"Weber briketes 4kg"},"content":{"rendered":"<p>Materi\u0101ls: koksne<br \/>\nSvars: 4kg<br \/>\nGatavs lieto\u0161anai 20 min\u016bt\u0113s<br \/>\nKoksne no ilgtsp\u0113j\u012bgas me\u017esaimniec\u012bbas<br \/>\nT\u00dcV sertific\u0113ts, FSC\u00ae sertific\u0113ts un sertific\u0113jis DIN CERTCO<br \/>\n3 stundas deg\u0161anas laiks<br \/>\n100% dab\u012bgs<\/p>\n","protected":false},"excerpt":{"rendered":"<p>Weber briketes viegli aizdeg\u0101s un t\u0101s deg ilgi un sp\u0113c\u012bgi.<\/p>\n","protected":false},"featured_media":2830,"comment_status":"open","ping_status":"closed","template":"","meta":[],"pwb-brand":[133],"product_brand":[],"product_cat":[95,125],"product_tag":[],"class_list":{"0":"post-2829","1":"product","2":"type-product","3":"status-publish","4":"has-post-thumbnail","6":"pwb-brand-weber","7":"product_cat-kokogles","8":"product_cat-kokoglu-grili","9":"product_shipping_class-paku-skapis","11":"first","12":"onbackorder","13":"taxable","14":"shipping-taxable","15":"purchasable","16":"product-type-simple"},"brands":[{"id":133,"name":"Weber","slug":"weber"}],"_links":{"self":[{"href":"https:\/\/grillandmore.lv\/shop\/wp-json\/wp\/v2\/product\/2829","targetHints":{"allow":["GET"]}}],"collection":[{"href":"https:\/\/grillandmore.lv\/shop\/wp-json\/wp\/v2\/product"}],"about":[{"href":"https:\/\/grillandmore.lv\/shop\/wp-json\/wp\/v2\/types\/product"}],"replies":[{"embeddable":true,"href":"https:\/\/grillandmore.lv\/shop\/wp-json\/wp\/v2\/comments?post=2829"}],"version-history":[{"count":1,"href":"https:\/\/grillandmore.lv\/shop\/wp-json\/wp\/v2\/product\/2829\/revisions"}],"predecessor-version":[{"id":6514,"href":"https:\/\/grillandmore.lv\/shop\/wp-json\/wp\/v2\/product\/2829\/revisions\/6514"}],"wp:featuredmedia":[{"embeddable":true,"href":"https:\/\/grillandmore.lv\/shop\/wp-json\/wp\/v2\/media\/2830"}],"wp:attachment":[{"href":"https:\/\/grillandmore.lv\/shop\/wp-json\/wp\/v2\/media?parent=2829"}],"wp:term":[{"taxonomy":"pwb-brand","embeddable":true,"href":"https:\/\/grillandmore.lv\/shop\/wp-json\/wp\/v2\/pwb-brand?post=2829"},{"taxonomy":"product_brand","embeddable":true,"href":"https:\/\/grillandmore.lv\/shop\/wp-json\/wp\/v2\/product_brand?post=2829"},{"taxonomy":"product_cat","embeddable":true,"href":"https:\/\/grillandmore.lv\/shop\/wp-json\/wp\/v2\/product_cat?post=2829"},{"taxonomy":"product_tag","embeddable":true,"href":"https:\/\/grillandmore.lv\/shop\/wp-json\/wp\/v2\/product_tag?post=2829"}],"curies":[{"name":"wp","href":"https:\/\/api.w.org\/{rel}","templated":true}]}}