{"id":2838,"date":"2023-03-16T08:43:14","date_gmt":"2023-03-16T06:43:14","guid":{"rendered":"https:\/\/grillandmore.lv\/shop\/?post_type=product&#038;p=2838"},"modified":"2023-11-12T15:22:25","modified_gmt":"2023-11-12T13:22:25","slug":"weber-aizdedzinasanas-kubicini","status":"publish","type":"product","link":"https:\/\/grillandmore.lv\/shop\/products\/weber-aizdedzinasanas-kubicini\/","title":{"rendered":"Weber aizdedzin\u0101\u0161anas kubici\u0146i 48"},"content":{"rendered":"<p>Skaits 48 gab<\/p>\n","protected":false},"excerpt":{"rendered":"<p>Ieg\u016bstiet labu s\u0101kumu, aizdedzinot og\u013cu grilu un izbaudot t\u0101 aizdedzin\u0101\u0161anas procesu. Vienk\u0101r\u0161i iededziet da\u017eus videi draudz\u012bgus \u0161\u0137iltavu kubus un uzlieciet skurste\u0146a starteri ar briket\u0113m. Tas \u013caus briket\u0113m \u0101tri, dro\u0161i un bez piep\u016bles mirdz\u0113t.<\/p>\n","protected":false},"featured_media":2839,"comment_status":"open","ping_status":"closed","template":"","meta":[],"pwb-brand":[133],"product_brand":[],"product_cat":[146,125,128],"product_tag":[],"class_list":{"0":"post-2838","1":"product","2":"type-product","3":"status-publish","4":"has-post-thumbnail","6":"pwb-brand-weber","7":"product_cat-aizdedzinasanai","8":"product_cat-kokoglu-grili","9":"product_cat-piederumi","10":"product_shipping_class-paku-skapis","12":"first","13":"onbackorder","14":"taxable","15":"shipping-taxable","16":"purchasable","17":"product-type-simple"},"brands":[{"id":133,"name":"Weber","slug":"weber"}],"_links":{"self":[{"href":"https:\/\/grillandmore.lv\/shop\/wp-json\/wp\/v2\/product\/2838","targetHints":{"allow":["GET"]}}],"collection":[{"href":"https:\/\/grillandmore.lv\/shop\/wp-json\/wp\/v2\/product"}],"about":[{"href":"https:\/\/grillandmore.lv\/shop\/wp-json\/wp\/v2\/types\/product"}],"replies":[{"embeddable":true,"href":"https:\/\/grillandmore.lv\/shop\/wp-json\/wp\/v2\/comments?post=2838"}],"version-history":[{"count":1,"href":"https:\/\/grillandmore.lv\/shop\/wp-json\/wp\/v2\/product\/2838\/revisions"}],"predecessor-version":[{"id":6510,"href":"https:\/\/grillandmore.lv\/shop\/wp-json\/wp\/v2\/product\/2838\/revisions\/6510"}],"wp:featuredmedia":[{"embeddable":true,"href":"https:\/\/grillandmore.lv\/shop\/wp-json\/wp\/v2\/media\/2839"}],"wp:attachment":[{"href":"https:\/\/grillandmore.lv\/shop\/wp-json\/wp\/v2\/media?parent=2838"}],"wp:term":[{"taxonomy":"pwb-brand","embeddable":true,"href":"https:\/\/grillandmore.lv\/shop\/wp-json\/wp\/v2\/pwb-brand?post=2838"},{"taxonomy":"product_brand","embeddable":true,"href":"https:\/\/grillandmore.lv\/shop\/wp-json\/wp\/v2\/product_brand?post=2838"},{"taxonomy":"product_cat","embeddable":true,"href":"https:\/\/grillandmore.lv\/shop\/wp-json\/wp\/v2\/product_cat?post=2838"},{"taxonomy":"product_tag","embeddable":true,"href":"https:\/\/grillandmore.lv\/shop\/wp-json\/wp\/v2\/product_tag?post=2838"}],"curies":[{"name":"wp","href":"https:\/\/api.w.org\/{rel}","templated":true}]}}