{"id":2872,"date":"2023-03-16T17:41:59","date_gmt":"2023-03-16T15:41:59","guid":{"rendered":"https:\/\/grillandmore.lv\/shop\/?post_type=product&#038;p=2872"},"modified":"2023-11-12T15:28:41","modified_gmt":"2023-11-12T13:28:41","slug":"weber-dumu-kaste","status":"publish","type":"product","link":"https:\/\/grillandmore.lv\/shop\/products\/weber-dumu-kaste\/","title":{"rendered":"Weber d\u016bmu kaste"},"content":{"rendered":"<p>\u0100rpus kartona Izm\u0113ri<br \/>\n5,1\u00a0cm Ax\u00a012\u00a0cm W x 24,5\u00a0cm diametr\u0101<\/p>\n<p>Atsevi\u0161\u0137u kartona k\u0101rbu izm\u0113ri<br \/>\n25\u00a0cm Ax x 6,1\u00a0cm P x 12\u00a0cm A<\/p>\n<p>Materi\u0101ls: ner\u016bs\u0113jo\u0161ais t\u0113rauds<br \/>\nKop\u0161ana: mazg\u0101\u0161ana ar rok\u0101m<br \/>\nParedz\u0113ts liel\u0101kajai da\u013cai g\u0101zes grilu<br \/>\nUnivers\u0101ls dizains k\u016bpin\u0101\u0161anai uz gatavo\u0161anas rest\u0113m<\/p>\n","protected":false},"excerpt":{"rendered":"<p style=\"text-align: justify;\">Vienk\u0101r\u0161\u0101kais veids, k\u0101 k\u016bpin\u0101t uz g\u0101zes grila. Ievietojiet d\u016bmu kast\u0113 koka \u010dip\u0161us ar hikorija, \u0101bolu, viskija vai di\u017esk\u0101bar\u017ea koksni un p\u0101rveidojiet visu, s\u0101kot no ga\u013cas un d\u0101rze\u0146iem l\u012bdz riekstiem un sieriem ar mut\u0113 dzirdo\u0161u d\u016bmu gar\u0161u. Vienk\u0101r\u0161i novietojiet Smoker Box tie\u0161i uz savu Flavorizer stie\u0146u vai gatavo\u0161anas rest\u0113m, lai pievienotu unik\u0101lu arom\u0101tu un neticamu gar\u0161u jebkurai grila malt\u012btei.<\/p>\n","protected":false},"featured_media":2871,"comment_status":"open","ping_status":"closed","template":"","meta":[],"pwb-brand":[133],"product_brand":[],"product_cat":[149,128],"product_tag":[],"class_list":{"0":"post-2872","1":"product","2":"type-product","3":"status-publish","4":"has-post-thumbnail","6":"pwb-brand-weber","7":"product_cat-dumu-kastes","8":"product_cat-piederumi","9":"product_shipping_class-paku-skapis","11":"first","12":"onbackorder","13":"taxable","14":"shipping-taxable","15":"purchasable","16":"product-type-simple"},"brands":[{"id":133,"name":"Weber","slug":"weber"}],"_links":{"self":[{"href":"https:\/\/grillandmore.lv\/shop\/wp-json\/wp\/v2\/product\/2872","targetHints":{"allow":["GET"]}}],"collection":[{"href":"https:\/\/grillandmore.lv\/shop\/wp-json\/wp\/v2\/product"}],"about":[{"href":"https:\/\/grillandmore.lv\/shop\/wp-json\/wp\/v2\/types\/product"}],"replies":[{"embeddable":true,"href":"https:\/\/grillandmore.lv\/shop\/wp-json\/wp\/v2\/comments?post=2872"}],"version-history":[{"count":1,"href":"https:\/\/grillandmore.lv\/shop\/wp-json\/wp\/v2\/product\/2872\/revisions"}],"predecessor-version":[{"id":6494,"href":"https:\/\/grillandmore.lv\/shop\/wp-json\/wp\/v2\/product\/2872\/revisions\/6494"}],"wp:featuredmedia":[{"embeddable":true,"href":"https:\/\/grillandmore.lv\/shop\/wp-json\/wp\/v2\/media\/2871"}],"wp:attachment":[{"href":"https:\/\/grillandmore.lv\/shop\/wp-json\/wp\/v2\/media?parent=2872"}],"wp:term":[{"taxonomy":"pwb-brand","embeddable":true,"href":"https:\/\/grillandmore.lv\/shop\/wp-json\/wp\/v2\/pwb-brand?post=2872"},{"taxonomy":"product_brand","embeddable":true,"href":"https:\/\/grillandmore.lv\/shop\/wp-json\/wp\/v2\/product_brand?post=2872"},{"taxonomy":"product_cat","embeddable":true,"href":"https:\/\/grillandmore.lv\/shop\/wp-json\/wp\/v2\/product_cat?post=2872"},{"taxonomy":"product_tag","embeddable":true,"href":"https:\/\/grillandmore.lv\/shop\/wp-json\/wp\/v2\/product_tag?post=2872"}],"curies":[{"name":"wp","href":"https:\/\/api.w.org\/{rel}","templated":true}]}}