{"id":2889,"date":"2023-03-17T07:36:14","date_gmt":"2023-03-17T05:36:14","guid":{"rendered":"https:\/\/grillandmore.lv\/shop\/?post_type=product&#038;p=2889"},"modified":"2023-11-12T15:27:56","modified_gmt":"2023-11-12T13:27:56","slug":"weber-pusdienu-skivis-2-gab","status":"publish","type":"product","link":"https:\/\/grillandmore.lv\/shop\/products\/weber-pusdienu-skivis-2-gab\/","title":{"rendered":"Weber pusdienu \u0161\u0137\u012bvis \/ 2 gab"},"content":{"rendered":"<p>Augstas kvalit\u0101tes materi\u0101ls.<br \/>\nWeber galda piederumi ir ra\u017eoti V\u0101cij\u0101. Kvalit\u0101tes un iztur\u012bbas z\u012bme vis\u0101 pasaul\u0113. Cietais porcel\u0101ns tiek cepts temperat\u016br\u0101, kas p\u0101rsniedz 1420 gr\u0101dus p\u0113c Celsija, un t\u0101p\u0113c tam ir t\u0101das \u012bpa\u0161\u012bbas k\u0101 sp\u0113c\u012bga siltuma saglab\u0101\u0161anas sp\u0113ja un iztur\u012bba pret skr\u0101p\u0113jumiem.<\/p>\n<p>Diametrs: 27,5\u00a0cm<br \/>\nMateri\u0101ls: cietais porcel\u0101ns<br \/>\nDaudzums: 2<br \/>\nKop\u0161ana: var mazg\u0101t trauku mazg\u0101jam\u0101 ma\u0161\u012bn\u0101<br \/>\nIztur\u012bga, cieta virsma<br \/>\nIlg\u0101k saglab\u0101 temperat\u016bru<\/p>\n","protected":false},"excerpt":{"rendered":"<p style=\"text-align: justfy;\">Pasniedziet vakari\u0146as k\u0101 profesion\u0101lis\u00a0\u2014 ar stilu un lielisku gar\u0161u. Elegantais 27,5\u00a0centimetru pusdienu \u0161\u0137\u012bvis ir \u012bpa\u0161i izstr\u0101d\u0101ts, lai saglab\u0101tu siltumu, ne\u013caujot j\u016bsu \u0113dienam p\u0101r\u0101k \u0101tri atdzist, un iztur\u012bgais, cietais porcel\u0101ns pasarg\u0101 to no skr\u0101p\u0113jumiem, atst\u0101jot to nevainojamu sezonu p\u0113c sezonas. Komplekt\u0101 divi.<\/p>\n","protected":false},"featured_media":2890,"comment_status":"open","ping_status":"closed","template":"","meta":[],"pwb-brand":[133],"product_brand":[],"product_cat":[128,150],"product_tag":[],"class_list":{"0":"post-2889","1":"product","2":"type-product","3":"status-publish","4":"has-post-thumbnail","6":"pwb-brand-weber","7":"product_cat-piederumi","8":"product_cat-trauki","9":"product_shipping_class-paku-skapis","11":"first","12":"onbackorder","13":"taxable","14":"shipping-taxable","15":"purchasable","16":"product-type-simple"},"brands":[{"id":133,"name":"Weber","slug":"weber"}],"_links":{"self":[{"href":"https:\/\/grillandmore.lv\/shop\/wp-json\/wp\/v2\/product\/2889","targetHints":{"allow":["GET"]}}],"collection":[{"href":"https:\/\/grillandmore.lv\/shop\/wp-json\/wp\/v2\/product"}],"about":[{"href":"https:\/\/grillandmore.lv\/shop\/wp-json\/wp\/v2\/types\/product"}],"replies":[{"embeddable":true,"href":"https:\/\/grillandmore.lv\/shop\/wp-json\/wp\/v2\/comments?post=2889"}],"version-history":[{"count":1,"href":"https:\/\/grillandmore.lv\/shop\/wp-json\/wp\/v2\/product\/2889\/revisions"}],"predecessor-version":[{"id":6488,"href":"https:\/\/grillandmore.lv\/shop\/wp-json\/wp\/v2\/product\/2889\/revisions\/6488"}],"wp:featuredmedia":[{"embeddable":true,"href":"https:\/\/grillandmore.lv\/shop\/wp-json\/wp\/v2\/media\/2890"}],"wp:attachment":[{"href":"https:\/\/grillandmore.lv\/shop\/wp-json\/wp\/v2\/media?parent=2889"}],"wp:term":[{"taxonomy":"pwb-brand","embeddable":true,"href":"https:\/\/grillandmore.lv\/shop\/wp-json\/wp\/v2\/pwb-brand?post=2889"},{"taxonomy":"product_brand","embeddable":true,"href":"https:\/\/grillandmore.lv\/shop\/wp-json\/wp\/v2\/product_brand?post=2889"},{"taxonomy":"product_cat","embeddable":true,"href":"https:\/\/grillandmore.lv\/shop\/wp-json\/wp\/v2\/product_cat?post=2889"},{"taxonomy":"product_tag","embeddable":true,"href":"https:\/\/grillandmore.lv\/shop\/wp-json\/wp\/v2\/product_tag?post=2889"}],"curies":[{"name":"wp","href":"https:\/\/api.w.org\/{rel}","templated":true}]}}