{"id":2898,"date":"2023-03-17T08:01:20","date_gmt":"2023-03-17T06:01:20","guid":{"rendered":"https:\/\/grillandmore.lv\/shop\/?post_type=product&#038;p=2898"},"modified":"2023-11-12T15:27:34","modified_gmt":"2023-11-12T13:27:34","slug":"weber-deluxe-sefa-nazis-36cm","status":"publish","type":"product","link":"https:\/\/grillandmore.lv\/shop\/products\/weber-deluxe-sefa-nazis-36cm\/","title":{"rendered":"Weber Deluxe \u0161efa nazis &#8211; 36cm"},"content":{"rendered":"<p>Materi\u0101ls: ner\u016bs\u0113jo\u0161ais t\u0113rauds<br \/>\nKop\u0161ana: mazg\u0101\u0161ana ar rok\u0101m<br \/>\nIzgatavots no augstas kvalit\u0101tes v\u0101cu ner\u016bs\u0113jo\u0161\u0101 t\u0113rauda<br \/>\nErgonomisks rokturis nodro\u0161ina dro\u0161u satv\u0113rienu<br \/>\nRokturis nodro\u0161ina pareizu svaru un l\u012bdzsvaru<\/p>\n","protected":false},"excerpt":{"rendered":"<p style=\"text-align: justify;\">Neviena virtuve nav piln\u012bga bez atbilsto\u0161a \u0161efpav\u0101ra na\u017ea. Luksusa \u0161efpav\u0101ra nazis ir izgatavots no ner\u016bs\u0113jo\u0161\u0101 t\u0113rauda un nodro\u0161ina funkcionalit\u0101ti, dro\u0161\u012bbu un augstu veiktsp\u0113ju. \u0160eit j\u016bs ieg\u016bstat ergonomisku rokturi, lai j\u016bs var\u0113tu viegli sagriezt uz grila ceptu fileju, cepeti vai vistas ga\u013cu.<\/p>\n","protected":false},"featured_media":2897,"comment_status":"open","ping_status":"closed","template":"","meta":[],"pwb-brand":[133],"product_brand":[],"product_cat":[128,153],"product_tag":[],"class_list":{"0":"post-2898","1":"product","2":"type-product","3":"status-publish","4":"has-post-thumbnail","6":"pwb-brand-weber","7":"product_cat-piederumi","8":"product_cat-virtuves-nazi","9":"product_shipping_class-paku-skapis","11":"first","12":"onbackorder","13":"taxable","14":"shipping-taxable","15":"purchasable","16":"product-type-simple"},"brands":[{"id":133,"name":"Weber","slug":"weber"}],"_links":{"self":[{"href":"https:\/\/grillandmore.lv\/shop\/wp-json\/wp\/v2\/product\/2898","targetHints":{"allow":["GET"]}}],"collection":[{"href":"https:\/\/grillandmore.lv\/shop\/wp-json\/wp\/v2\/product"}],"about":[{"href":"https:\/\/grillandmore.lv\/shop\/wp-json\/wp\/v2\/types\/product"}],"replies":[{"embeddable":true,"href":"https:\/\/grillandmore.lv\/shop\/wp-json\/wp\/v2\/comments?post=2898"}],"version-history":[{"count":1,"href":"https:\/\/grillandmore.lv\/shop\/wp-json\/wp\/v2\/product\/2898\/revisions"}],"predecessor-version":[{"id":6485,"href":"https:\/\/grillandmore.lv\/shop\/wp-json\/wp\/v2\/product\/2898\/revisions\/6485"}],"wp:featuredmedia":[{"embeddable":true,"href":"https:\/\/grillandmore.lv\/shop\/wp-json\/wp\/v2\/media\/2897"}],"wp:attachment":[{"href":"https:\/\/grillandmore.lv\/shop\/wp-json\/wp\/v2\/media?parent=2898"}],"wp:term":[{"taxonomy":"pwb-brand","embeddable":true,"href":"https:\/\/grillandmore.lv\/shop\/wp-json\/wp\/v2\/pwb-brand?post=2898"},{"taxonomy":"product_brand","embeddable":true,"href":"https:\/\/grillandmore.lv\/shop\/wp-json\/wp\/v2\/product_brand?post=2898"},{"taxonomy":"product_cat","embeddable":true,"href":"https:\/\/grillandmore.lv\/shop\/wp-json\/wp\/v2\/product_cat?post=2898"},{"taxonomy":"product_tag","embeddable":true,"href":"https:\/\/grillandmore.lv\/shop\/wp-json\/wp\/v2\/product_tag?post=2898"}],"curies":[{"name":"wp","href":"https:\/\/api.w.org\/{rel}","templated":true}]}}