{"id":2907,"date":"2023-03-17T08:26:25","date_gmt":"2023-03-17T06:26:25","guid":{"rendered":"https:\/\/grillandmore.lv\/shop\/?post_type=product&#038;p=2907"},"modified":"2023-11-12T15:26:53","modified_gmt":"2023-11-12T13:26:53","slug":"weber-iesmi","status":"publish","type":"product","link":"https:\/\/grillandmore.lv\/shop\/products\/weber-iesmi\/","title":{"rendered":"Weber iesmi"},"content":{"rendered":"<p>\u2022 8 iesmu komplekts<br \/>\n\u2022 Garums 33cm<br \/>\n\u2022 Divpus\u0113js dizains, lai nov\u0113rstu p\u0101rtikas apgrie\u0161anos<br \/>\n\u2022 Viegli caurdur \u0113dienu bez boj\u0101jumiem<br \/>\n\u2022 Mazg\u0101t tikai ar rok\u0101m<\/p>\n","protected":false},"excerpt":{"rendered":"<p>Viegli salieciet \u0161o komplektu ar ga\u013cu, garnel\u0113m, d\u0101rze\u0146iem un aug\u013ciem. Divu zaru dizains nodro\u0161ina, ka \u0113diens paliek viet\u0101 un vienm\u0113r\u012bgi gatavojas, kad tiek pagriezti iesmi.<\/p>\n","protected":false},"featured_media":2906,"comment_status":"open","ping_status":"closed","template":"","meta":[],"pwb-brand":[133],"product_brand":[],"product_cat":[155,128],"product_tag":[],"class_list":{"0":"post-2907","1":"product","2":"type-product","3":"status-publish","4":"has-post-thumbnail","6":"pwb-brand-weber","7":"product_cat-iesmi","8":"product_cat-piederumi","9":"product_shipping_class-paku-skapis","11":"first","12":"onbackorder","13":"taxable","14":"shipping-taxable","15":"purchasable","16":"product-type-simple"},"brands":[{"id":133,"name":"Weber","slug":"weber"}],"_links":{"self":[{"href":"https:\/\/grillandmore.lv\/shop\/wp-json\/wp\/v2\/product\/2907","targetHints":{"allow":["GET"]}}],"collection":[{"href":"https:\/\/grillandmore.lv\/shop\/wp-json\/wp\/v2\/product"}],"about":[{"href":"https:\/\/grillandmore.lv\/shop\/wp-json\/wp\/v2\/types\/product"}],"replies":[{"embeddable":true,"href":"https:\/\/grillandmore.lv\/shop\/wp-json\/wp\/v2\/comments?post=2907"}],"version-history":[{"count":1,"href":"https:\/\/grillandmore.lv\/shop\/wp-json\/wp\/v2\/product\/2907\/revisions"}],"predecessor-version":[{"id":6481,"href":"https:\/\/grillandmore.lv\/shop\/wp-json\/wp\/v2\/product\/2907\/revisions\/6481"}],"wp:featuredmedia":[{"embeddable":true,"href":"https:\/\/grillandmore.lv\/shop\/wp-json\/wp\/v2\/media\/2906"}],"wp:attachment":[{"href":"https:\/\/grillandmore.lv\/shop\/wp-json\/wp\/v2\/media?parent=2907"}],"wp:term":[{"taxonomy":"pwb-brand","embeddable":true,"href":"https:\/\/grillandmore.lv\/shop\/wp-json\/wp\/v2\/pwb-brand?post=2907"},{"taxonomy":"product_brand","embeddable":true,"href":"https:\/\/grillandmore.lv\/shop\/wp-json\/wp\/v2\/product_brand?post=2907"},{"taxonomy":"product_cat","embeddable":true,"href":"https:\/\/grillandmore.lv\/shop\/wp-json\/wp\/v2\/product_cat?post=2907"},{"taxonomy":"product_tag","embeddable":true,"href":"https:\/\/grillandmore.lv\/shop\/wp-json\/wp\/v2\/product_tag?post=2907"}],"curies":[{"name":"wp","href":"https:\/\/api.w.org\/{rel}","templated":true}]}}