{"id":2920,"date":"2023-03-17T09:00:08","date_gmt":"2023-03-17T07:00:08","guid":{"rendered":"https:\/\/grillandmore.lv\/shop\/?post_type=product&#038;p=2920"},"modified":"2023-11-12T15:30:47","modified_gmt":"2023-11-12T13:30:47","slug":"weber-sildamplaukts","status":"publish","type":"product","link":"https:\/\/grillandmore.lv\/shop\/products\/weber-sildamplaukts\/","title":{"rendered":"Weber sild\u0101mplaukts"},"content":{"rendered":"<p>\u2022 \u013boti iztur\u012bga konstrukcija<br \/>\n\u2022 Paaugstin\u0101ta aizmugures mala atvieglo \u0113diena pacel\u0161anu<br \/>\n\u2022 Saliekam\u0101s k\u0101jas atvieglo uzglab\u0101\u0161anu<br \/>\n\u2022 \u0160auri spraugas ne\u013cauj \u0113dienam nokrist<\/p>\n<p>Ner\u016bs\u0113jo\u0161ais t\u0113rauds<\/p>\n","protected":false},"excerpt":{"rendered":"<p style=\"text-align: justify;\">Sagatavojiet savus burgerus un vienlaikus saglab\u0101jiet maiz\u012btes grauzd\u0113tas, izmantojot griddle Keep Warm Rack. \u0160is \u012bpa\u0161i iztur\u012bgais plaukts ir p\u0101rdom\u0101ti izstr\u0101d\u0101ts, lai padar\u012btu \u0113diena pacel\u0161anu no virsmas vieglu, vienlaikus nov\u0113r\u0161ot sasil\u0161anas \u0113diena izkri\u0161anu. Kad gatavo\u0161ana ir pabeigta, vienk\u0101r\u0161i salieciet k\u0101jas, lai to b\u016btu viegli uzglab\u0101t.<\/p>\n","protected":false},"featured_media":2921,"comment_status":"open","ping_status":"closed","template":"","meta":[],"pwb-brand":[133],"product_brand":[],"product_cat":[128,145],"product_tag":[],"class_list":{"0":"post-2920","1":"product","2":"type-product","3":"status-publish","4":"has-post-thumbnail","6":"pwb-brand-weber","7":"product_cat-piederumi","8":"product_cat-plaukti-un-grozi","9":"product_shipping_class-paku-skapis","11":"first","12":"onbackorder","13":"taxable","14":"shipping-taxable","15":"purchasable","16":"product-type-simple"},"brands":[{"id":133,"name":"Weber","slug":"weber"}],"_links":{"self":[{"href":"https:\/\/grillandmore.lv\/shop\/wp-json\/wp\/v2\/product\/2920","targetHints":{"allow":["GET"]}}],"collection":[{"href":"https:\/\/grillandmore.lv\/shop\/wp-json\/wp\/v2\/product"}],"about":[{"href":"https:\/\/grillandmore.lv\/shop\/wp-json\/wp\/v2\/types\/product"}],"replies":[{"embeddable":true,"href":"https:\/\/grillandmore.lv\/shop\/wp-json\/wp\/v2\/comments?post=2920"}],"version-history":[{"count":1,"href":"https:\/\/grillandmore.lv\/shop\/wp-json\/wp\/v2\/product\/2920\/revisions"}],"predecessor-version":[{"id":6474,"href":"https:\/\/grillandmore.lv\/shop\/wp-json\/wp\/v2\/product\/2920\/revisions\/6474"}],"wp:featuredmedia":[{"embeddable":true,"href":"https:\/\/grillandmore.lv\/shop\/wp-json\/wp\/v2\/media\/2921"}],"wp:attachment":[{"href":"https:\/\/grillandmore.lv\/shop\/wp-json\/wp\/v2\/media?parent=2920"}],"wp:term":[{"taxonomy":"pwb-brand","embeddable":true,"href":"https:\/\/grillandmore.lv\/shop\/wp-json\/wp\/v2\/pwb-brand?post=2920"},{"taxonomy":"product_brand","embeddable":true,"href":"https:\/\/grillandmore.lv\/shop\/wp-json\/wp\/v2\/product_brand?post=2920"},{"taxonomy":"product_cat","embeddable":true,"href":"https:\/\/grillandmore.lv\/shop\/wp-json\/wp\/v2\/product_cat?post=2920"},{"taxonomy":"product_tag","embeddable":true,"href":"https:\/\/grillandmore.lv\/shop\/wp-json\/wp\/v2\/product_tag?post=2920"}],"curies":[{"name":"wp","href":"https:\/\/api.w.org\/{rel}","templated":true}]}}