{"id":2932,"date":"2023-03-17T09:25:16","date_gmt":"2023-03-17T07:25:16","guid":{"rendered":"https:\/\/grillandmore.lv\/shop\/?post_type=product&#038;p=2932"},"modified":"2023-11-12T15:32:49","modified_gmt":"2023-11-12T13:32:49","slug":"weber-deluxe-grilesanas-panna","status":"publish","type":"product","link":"https:\/\/grillandmore.lv\/shop\/products\/weber-deluxe-grilesanas-panna\/","title":{"rendered":"Weber Deluxe gril\u0113\u0161anas panna"},"content":{"rendered":"<p>Izm\u0113ri: 3,6 cm x 30 cm x 44 cm<br \/>\nKop\u0161ana: var mazg\u0101t trauku mazg\u0101jam\u0101 ma\u0161\u012bn\u0101<br \/>\nDer: Weber\u00ae Q 300\/3000 un liel\u0101ki g\u0101zes b\u0101rbekj\u016b, 57 cm un liel\u0101ki kokog\u013cu b\u0101rbekj\u016b<br \/>\nIde\u0101li piem\u0113rots zivju filej\u0101m vai citiem smalkiem priek\u0161metiem, kas var iekrist starp rest\u0113m<br \/>\nMateri\u0101ls: ner\u016bs\u0113jo\u0161ais t\u0113rauds<\/p>\n<p>&nbsp;<\/p>\n","protected":false},"excerpt":{"rendered":"<p>Apcepiet garneles un \u0137emm\u012b\u0161gliemenes sav\u0101 aizmugur\u0113j\u0101 d\u0101rz\u0101. Saut\u0113jiet d\u0101rze\u0146us, kam\u0113r steiks cepas l\u012bdz\u0101s. Izmantojiet Deluxe grilpannu, lai uzp\u016bstu \u0113dienu ar nep\u0101rsp\u0113jamu b\u0101rbekj\u016b d\u016bmu arom\u0101tu.<\/p>\n","protected":false},"featured_media":2933,"comment_status":"open","ping_status":"closed","template":"","meta":[],"pwb-brand":[133],"product_brand":[],"product_cat":[128,145],"product_tag":[],"class_list":{"0":"post-2932","1":"product","2":"type-product","3":"status-publish","4":"has-post-thumbnail","6":"pwb-brand-weber","7":"product_cat-piederumi","8":"product_cat-plaukti-un-grozi","9":"product_shipping_class-paku-skapis","11":"first","12":"onbackorder","13":"taxable","14":"shipping-taxable","15":"purchasable","16":"product-type-simple"},"brands":[{"id":133,"name":"Weber","slug":"weber"}],"_links":{"self":[{"href":"https:\/\/grillandmore.lv\/shop\/wp-json\/wp\/v2\/product\/2932","targetHints":{"allow":["GET"]}}],"collection":[{"href":"https:\/\/grillandmore.lv\/shop\/wp-json\/wp\/v2\/product"}],"about":[{"href":"https:\/\/grillandmore.lv\/shop\/wp-json\/wp\/v2\/types\/product"}],"replies":[{"embeddable":true,"href":"https:\/\/grillandmore.lv\/shop\/wp-json\/wp\/v2\/comments?post=2932"}],"version-history":[{"count":1,"href":"https:\/\/grillandmore.lv\/shop\/wp-json\/wp\/v2\/product\/2932\/revisions"}],"predecessor-version":[{"id":6469,"href":"https:\/\/grillandmore.lv\/shop\/wp-json\/wp\/v2\/product\/2932\/revisions\/6469"}],"wp:featuredmedia":[{"embeddable":true,"href":"https:\/\/grillandmore.lv\/shop\/wp-json\/wp\/v2\/media\/2933"}],"wp:attachment":[{"href":"https:\/\/grillandmore.lv\/shop\/wp-json\/wp\/v2\/media?parent=2932"}],"wp:term":[{"taxonomy":"pwb-brand","embeddable":true,"href":"https:\/\/grillandmore.lv\/shop\/wp-json\/wp\/v2\/pwb-brand?post=2932"},{"taxonomy":"product_brand","embeddable":true,"href":"https:\/\/grillandmore.lv\/shop\/wp-json\/wp\/v2\/product_brand?post=2932"},{"taxonomy":"product_cat","embeddable":true,"href":"https:\/\/grillandmore.lv\/shop\/wp-json\/wp\/v2\/product_cat?post=2932"},{"taxonomy":"product_tag","embeddable":true,"href":"https:\/\/grillandmore.lv\/shop\/wp-json\/wp\/v2\/product_tag?post=2932"}],"curies":[{"name":"wp","href":"https:\/\/api.w.org\/{rel}","templated":true}]}}