{"id":2960,"date":"2023-03-17T10:37:31","date_gmt":"2023-03-17T08:37:31","guid":{"rendered":"https:\/\/grillandmore.lv\/shop\/?post_type=product&#038;p=2960"},"modified":"2023-11-12T15:35:15","modified_gmt":"2023-11-12T13:35:15","slug":"weber-elastiga-lapstina","status":"publish","type":"product","link":"https:\/\/grillandmore.lv\/shop\/products\/weber-elastiga-lapstina\/","title":{"rendered":"Weber elast\u012bg\u0101 l\u0101psti\u0146a"},"content":{"rendered":"<p>\u2022 Sl\u012bp\u0101 mala viegli sl\u012bd zem smalkiem \u0113dieniem<br \/>\n\u2022 Rievots dizains nodro\u0161ina \u0113diena izdal\u012b\u0161anos bez pielip\u0161anas<br \/>\n\u2022 Le\u0146\u0137veida dizains p\u0101rliecino\u0161ai loc\u012b\u0161anai, apv\u0113r\u0161anai un pagrie\u0161anai<br \/>\n\u2022 \u0112rts rokturis \u0113rtai tur\u0113\u0161anai<br \/>\n\u2022 Var mazg\u0101t trauku mazg\u0101jam\u0101 ma\u0161\u012bn\u0101<\/p>\n<p>Izm\u0113ri: 39,5 cm x 9,7 cm x 8,1 cm<br \/>\nMateri\u0101ls: ner\u016bs\u0113jo\u0161ais t\u0113rauds<br \/>\nKop\u0161ana: var mazg\u0101t trauku mazg\u0101jam\u0101 ma\u0161\u012bn\u0101<\/p>\n","protected":false},"excerpt":{"rendered":"<p style=\"text-align: justify;\">Apgrieziet j\u016bras veltes un d\u0101rze\u0146us, tos nesadalot, izmantojot elast\u012bgo re\u017e\u0123a l\u0101psti\u0146u. T\u0101 sl\u012bp\u0101 mala vienm\u0113r\u012bgi sl\u012bd zem smalkiem \u0113dieniem, vienlaikus saglab\u0101jot tos neskartus, lai j\u016bs var\u0113tu viegli saloc\u012bt, apgriezt un pagriezt. Un t\u0101 rievot\u0101 konstrukcija \u013cauj \u0113dienam izdal\u012bties bez pielip\u0161anas.<\/p>\n","protected":false},"featured_media":0,"comment_status":"open","ping_status":"closed","template":"","meta":[],"pwb-brand":[133],"product_brand":[],"product_cat":[128,135],"product_tag":[],"class_list":{"0":"post-2960","1":"product","2":"type-product","3":"status-publish","5":"pwb-brand-weber","6":"product_cat-piederumi","7":"product_cat-piederumi-un-komplekti","8":"product_shipping_class-paku-skapis","10":"first","11":"onbackorder","12":"taxable","13":"shipping-taxable","14":"purchasable","15":"product-type-simple"},"brands":[{"id":133,"name":"Weber","slug":"weber"}],"_links":{"self":[{"href":"https:\/\/grillandmore.lv\/shop\/wp-json\/wp\/v2\/product\/2960","targetHints":{"allow":["GET"]}}],"collection":[{"href":"https:\/\/grillandmore.lv\/shop\/wp-json\/wp\/v2\/product"}],"about":[{"href":"https:\/\/grillandmore.lv\/shop\/wp-json\/wp\/v2\/types\/product"}],"replies":[{"embeddable":true,"href":"https:\/\/grillandmore.lv\/shop\/wp-json\/wp\/v2\/comments?post=2960"}],"version-history":[{"count":2,"href":"https:\/\/grillandmore.lv\/shop\/wp-json\/wp\/v2\/product\/2960\/revisions"}],"predecessor-version":[{"id":6457,"href":"https:\/\/grillandmore.lv\/shop\/wp-json\/wp\/v2\/product\/2960\/revisions\/6457"}],"wp:attachment":[{"href":"https:\/\/grillandmore.lv\/shop\/wp-json\/wp\/v2\/media?parent=2960"}],"wp:term":[{"taxonomy":"pwb-brand","embeddable":true,"href":"https:\/\/grillandmore.lv\/shop\/wp-json\/wp\/v2\/pwb-brand?post=2960"},{"taxonomy":"product_brand","embeddable":true,"href":"https:\/\/grillandmore.lv\/shop\/wp-json\/wp\/v2\/product_brand?post=2960"},{"taxonomy":"product_cat","embeddable":true,"href":"https:\/\/grillandmore.lv\/shop\/wp-json\/wp\/v2\/product_cat?post=2960"},{"taxonomy":"product_tag","embeddable":true,"href":"https:\/\/grillandmore.lv\/shop\/wp-json\/wp\/v2\/product_tag?post=2960"}],"curies":[{"name":"wp","href":"https:\/\/api.w.org\/{rel}","templated":true}]}}