{"id":2999,"date":"2023-03-19T13:48:54","date_gmt":"2023-03-19T11:48:54","guid":{"rendered":"https:\/\/grillandmore.lv\/shop\/?post_type=product&#038;p=2999"},"modified":"2023-09-19T18:58:25","modified_gmt":"2023-09-19T15:58:25","slug":"napoleon-vistas-kaju-grilesanas-plaukts","status":"publish","type":"product","link":"https:\/\/grillandmore.lv\/shop\/products\/napoleon-vistas-kaju-grilesanas-plaukts\/","title":{"rendered":"Napoleon vistas k\u0101ju gril\u0113\u0161anas plaukts"},"content":{"rendered":"<ul>\n<li>Premium ner\u016bs\u0113jo\u0161ais t\u0113rauds<\/li>\n<li>Salok\u0101ms plaukts vienm\u0113r\u012bgai gatavo\u0161anai<\/li>\n<li>12 sloti notur k\u0101jas vai sp\u0101rnus<\/li>\n<li>Plaukts \/ Tauku panna var izmantot atsevi\u0161\u0137i<\/li>\n<\/ul>\n","protected":false},"excerpt":{"rendered":"<p style=\"text-align: justify;\">Napoleona vistas k\u0101ju grila plaukts ir ide\u0101li piem\u0113rots viena katla malt\u012bt\u0113m un pietiekami daudzpus\u012bgs, lai vienlaikus pagatavotu daudzus \u0113dienus, piem\u0113ram, vistu un paelju. Vertik\u0101lais plaukts nodro\u0161ina vienm\u0113r\u012bgu gatavo\u0161anu, turot l\u012bdz pat 12 m\u0101jputnu k\u0101ji\u0146\u0101m vai sp\u0101rniem vertik\u0101li. Izmantojiet uzgali k\u0101 pilienu pannu vai s\u0101nu \u0113dienu pagatavo\u0161anai vienlaikus vai atsevi\u0161\u0137i. Ner\u016bs\u0113jo\u0161ais t\u0113rauds ir iztur\u012bgs un dro\u0161s trauku mazg\u0101jamaj\u0101 ma\u0161\u012bn\u0101. Plaukts ir salok\u0101ms \u0113rtai uzglab\u0101\u0161anai.<\/p>\n","protected":false},"featured_media":3002,"comment_status":"open","ping_status":"closed","template":"","meta":[],"pwb-brand":[158],"product_brand":[],"product_cat":[128,145],"product_tag":[],"class_list":{"0":"post-2999","1":"product","2":"type-product","3":"status-publish","4":"has-post-thumbnail","6":"pwb-brand-napoleon","7":"product_cat-piederumi","8":"product_cat-plaukti-un-grozi","10":"first","11":"onbackorder","12":"taxable","13":"shipping-taxable","14":"purchasable","15":"product-type-simple"},"brands":[{"id":158,"name":"Napoleon","slug":"napoleon"}],"_links":{"self":[{"href":"https:\/\/grillandmore.lv\/shop\/wp-json\/wp\/v2\/product\/2999","targetHints":{"allow":["GET"]}}],"collection":[{"href":"https:\/\/grillandmore.lv\/shop\/wp-json\/wp\/v2\/product"}],"about":[{"href":"https:\/\/grillandmore.lv\/shop\/wp-json\/wp\/v2\/types\/product"}],"replies":[{"embeddable":true,"href":"https:\/\/grillandmore.lv\/shop\/wp-json\/wp\/v2\/comments?post=2999"}],"version-history":[{"count":1,"href":"https:\/\/grillandmore.lv\/shop\/wp-json\/wp\/v2\/product\/2999\/revisions"}],"predecessor-version":[{"id":6440,"href":"https:\/\/grillandmore.lv\/shop\/wp-json\/wp\/v2\/product\/2999\/revisions\/6440"}],"wp:featuredmedia":[{"embeddable":true,"href":"https:\/\/grillandmore.lv\/shop\/wp-json\/wp\/v2\/media\/3002"}],"wp:attachment":[{"href":"https:\/\/grillandmore.lv\/shop\/wp-json\/wp\/v2\/media?parent=2999"}],"wp:term":[{"taxonomy":"pwb-brand","embeddable":true,"href":"https:\/\/grillandmore.lv\/shop\/wp-json\/wp\/v2\/pwb-brand?post=2999"},{"taxonomy":"product_brand","embeddable":true,"href":"https:\/\/grillandmore.lv\/shop\/wp-json\/wp\/v2\/product_brand?post=2999"},{"taxonomy":"product_cat","embeddable":true,"href":"https:\/\/grillandmore.lv\/shop\/wp-json\/wp\/v2\/product_cat?post=2999"},{"taxonomy":"product_tag","embeddable":true,"href":"https:\/\/grillandmore.lv\/shop\/wp-json\/wp\/v2\/product_tag?post=2999"}],"curies":[{"name":"wp","href":"https:\/\/api.w.org\/{rel}","templated":true}]}}