{"id":3012,"date":"2023-03-19T14:07:43","date_gmt":"2023-03-19T12:07:43","guid":{"rendered":"https:\/\/grillandmore.lv\/shop\/?post_type=product&#038;p=3012"},"modified":"2023-09-19T18:56:04","modified_gmt":"2023-09-19T15:56:04","slug":"napoleon-lapstina-stangas","status":"publish","type":"product","link":"https:\/\/grillandmore.lv\/shop\/products\/napoleon-lapstina-stangas\/","title":{"rendered":"Napoleon l\u0101psti\u0146a &#8211; stangas"},"content":{"rendered":"<ul>\n<li>Divi no visbie\u017e\u0101k lietotajiem grila r\u012bkiem vien\u0101; iztur\u012bga l\u0101psti\u0146a un knaibles vien\u0101 grila piederum\u0101<\/li>\n<li>Viegli lietojams b\u012bd\u0101m\u0101s blo\u0137\u0113\u0161anas meh\u0101nisms, kas darbojas k\u0101 \u0113rta instrumentu pakaram\u0101 cilpa<\/li>\n<li>Iztur\u012bga ner\u016bs\u0113jo\u0161\u0101 t\u0113rauda konstrukcija ilgam m\u016b\u017eam<\/li>\n<li>Viegli t\u012br\u0101mas, \u0161\u012bs knaibles var mazg\u0101t trauku mazg\u0101jamaj\u0101 ma\u0161\u012bn\u0101<\/li>\n<li>L\u0101psti\u0146as galam ir sl\u012bpa mala, kas \u013cauj viegli nok\u013c\u016bt zem \u0113diena gatavo\u0161anas, un grie\u0161anas mala, lai nodro\u0161in\u0101tu perfektas porcijas vai sagrieztu \u0113dienu lidojuma laik\u0101.<\/li>\n<li>Atbalstiet un stabiliz\u0113jiet \u0113dienu, apgrie\u017eot un grie\u017eot<\/li>\n<\/ul>\n","protected":false},"excerpt":{"rendered":"<p style=\"text-align: justify;\">Grila r\u012bks, bez kura neiztikt. Napoleon Stainless Steel Spatutong ir daudzfunkcion\u0101ls grila r\u012bks 2 vien\u0101, izgatavots no iztur\u012bga ner\u016bs\u0113jo\u0161\u0101 t\u0113rauda un to var mazg\u0101t trauku mazg\u0101jamaj\u0101 ma\u0161\u012bn\u0101. Izmantojiet l\u0101psti\u0146u, lai viegli p\u0101rvald\u012btu liel\u0101kus \u0113dienus, piem\u0113ram, steikus un burgerus. L\u0101psti\u0146as plakanajai pusei ir ar\u012b sl\u012bpa mala, kas \u013cauj viegli nok\u013c\u016bt zem \u0113diena gatavo\u0161anas, un grie\u0161anas mala, kas nodro\u0161ina perfektas porcijas p\u0113c \u0113diena pagatavo\u0161anas. Ar knaibles pal\u012bdz\u012bbu ir viegli p\u0101rvald\u012bt smalk\u0101kas lietas. Izmantojiet knaibles, lai stabiliz\u0113tu t\u0101das lietas k\u0101 zivis vai gigantisks steiks, kad apgrie\u017eat perfektu cep\u0161anu. Atsperes meh\u0101nisms nodro\u0161ina stabilit\u0101ti un vad\u0101m\u012bbu, savuk\u0101rt \u0113rti lietojamais blo\u0137\u0113\u0161anas rokturis nodro\u0161ina lielisku, kompaktu uzglab\u0101\u0161anu un \u0113rtu instrumentu pakaramo. Gudra, daudzfunkcion\u0101la un viegli kopjama, katrai virtuvei ir pievienots Napoleona b\u0101rbekj\u016b piederums. M\u016bsu piederumi nodro\u0161ina jums nepiecie\u0161amo, lai izveidotu gardu gril\u0113tu \u0113dienu, un p\u0113c tam da\u017eus, lai uzlabotu j\u016bsu gatavo\u0161anas arsen\u0101lu ar da\u017e\u0101diem rado\u0161iem papildin\u0101jumiem, lai papla\u0161in\u0101tu j\u016bsu kulin\u0101rijas redzesloku.<\/p>\n","protected":false},"featured_media":3013,"comment_status":"open","ping_status":"closed","template":"","meta":[],"pwb-brand":[158],"product_brand":[],"product_cat":[128,135],"product_tag":[],"class_list":{"0":"post-3012","1":"product","2":"type-product","3":"status-publish","4":"has-post-thumbnail","6":"pwb-brand-napoleon","7":"product_cat-piederumi","8":"product_cat-piederumi-un-komplekti","10":"first","11":"onbackorder","12":"taxable","13":"shipping-taxable","14":"purchasable","15":"product-type-simple"},"brands":[{"id":158,"name":"Napoleon","slug":"napoleon"}],"_links":{"self":[{"href":"https:\/\/grillandmore.lv\/shop\/wp-json\/wp\/v2\/product\/3012","targetHints":{"allow":["GET"]}}],"collection":[{"href":"https:\/\/grillandmore.lv\/shop\/wp-json\/wp\/v2\/product"}],"about":[{"href":"https:\/\/grillandmore.lv\/shop\/wp-json\/wp\/v2\/types\/product"}],"replies":[{"embeddable":true,"href":"https:\/\/grillandmore.lv\/shop\/wp-json\/wp\/v2\/comments?post=3012"}],"version-history":[{"count":1,"href":"https:\/\/grillandmore.lv\/shop\/wp-json\/wp\/v2\/product\/3012\/revisions"}],"predecessor-version":[{"id":6437,"href":"https:\/\/grillandmore.lv\/shop\/wp-json\/wp\/v2\/product\/3012\/revisions\/6437"}],"wp:featuredmedia":[{"embeddable":true,"href":"https:\/\/grillandmore.lv\/shop\/wp-json\/wp\/v2\/media\/3013"}],"wp:attachment":[{"href":"https:\/\/grillandmore.lv\/shop\/wp-json\/wp\/v2\/media?parent=3012"}],"wp:term":[{"taxonomy":"pwb-brand","embeddable":true,"href":"https:\/\/grillandmore.lv\/shop\/wp-json\/wp\/v2\/pwb-brand?post=3012"},{"taxonomy":"product_brand","embeddable":true,"href":"https:\/\/grillandmore.lv\/shop\/wp-json\/wp\/v2\/product_brand?post=3012"},{"taxonomy":"product_cat","embeddable":true,"href":"https:\/\/grillandmore.lv\/shop\/wp-json\/wp\/v2\/product_cat?post=3012"},{"taxonomy":"product_tag","embeddable":true,"href":"https:\/\/grillandmore.lv\/shop\/wp-json\/wp\/v2\/product_tag?post=3012"}],"curies":[{"name":"wp","href":"https:\/\/api.w.org\/{rel}","templated":true}]}}