{"id":3017,"date":"2023-03-19T14:14:07","date_gmt":"2023-03-19T12:14:07","guid":{"rendered":"https:\/\/grillandmore.lv\/shop\/?post_type=product&#038;p=3017"},"modified":"2023-09-19T18:55:58","modified_gmt":"2023-09-19T15:55:58","slug":"napoleon-sprice-marinadem","status":"publish","type":"product","link":"https:\/\/grillandmore.lv\/shop\/products\/napoleon-sprice-marinadem\/","title":{"rendered":"Napoleon \u0161price marin\u0101d\u0113m"},"content":{"rendered":"<ul>\n<li>Pie\u0161\u0137iriet \u0113dienreiz\u0113m papildu gar\u0161u un maigumu, injic\u0113jot t\u0101s ar marin\u0101d\u0113m<\/li>\n<li>\u0160\u012b b\u0101rbekj\u016b marin\u0101des in\u017eektora ner\u016bs\u0113jo\u0161\u0101 t\u0113rauda korpuss ir iztur\u012bg\u0101ks nek\u0101 citiem<\/li>\n<li>N\u0101k ar 2 atsevi\u0161\u0137iem adatu izm\u0113riem<\/li>\n<li>Tiev\u0101 adata ir ide\u0101li piem\u0113rota sviestam, v\u012bnam un pl\u0101n\u0101m marin\u0101d\u0113m<\/li>\n<li>Liel\u0101ka izm\u0113ra adata ir paredz\u0113ta biez\u0101k\u0101m marin\u0101d\u0113m, kur\u0101s ir mazas ciet\u0101s vielas, piem\u0113ram, svaigi gar\u0161augi un \u0137iploki<\/li>\n<li>\u0112rts logs uz aug\u0161u s\u0101nos ietver m\u0113r\u012bjumus<\/li>\n<li>L\u012bdzi n\u0101k t\u012br\u012b\u0161anas birstes<\/li>\n<li>L\u012bdzi n\u0101k \u0113rts glab\u0101\u0161anas futr\u0101lis visam<\/li>\n<\/ul>\n","protected":false},"excerpt":{"rendered":"<p style=\"text-align: justify;\">Padariet savu \u0113dienu v\u0113l gar\u0161\u012bg\u0101ku un nov\u0113rsiet sausumu ar Napoleona ner\u016bs\u0113jo\u0161\u0101 t\u0113rauda marin\u0101des in\u017eektoru. Korpuss ir izgatavots no ner\u016bs\u0113jo\u0161\u0101 t\u0113rauda, un tam ir caursp\u012bd\u012bgs logs ar unces un t\u0113jkarotes m\u0113r\u012bjumiem, lai izm\u0113r\u012btu ide\u0101l\u0101s porcijas. Atkar\u012bb\u0101 no izmantot\u0101 \u0161\u0137\u012bduma veida injic\u0113\u0161anai ir divas main\u0101mas adatas. Maz\u0101kais m\u0113r\u012bt\u0101js ir lieliski piem\u0113rots \u0161\u0137idr\u0101m m\u0113rc\u0113m, sviestam, v\u012bnam un pl\u0101n\u0101m marin\u0101d\u0113m. Liel\u0101ka izm\u0113ra adata ir lieliski piem\u0113rota marin\u0101d\u0113m un injekcij\u0101m ar maz\u0101m ciet\u0101m viel\u0101m, piem\u0113ram, \u0137iplokiem un za\u013cumiem. In\u017eektora apkope ir vienk\u0101r\u0161a, izmantojot komplekt\u0101cij\u0101 iek\u013caut\u0101s t\u012br\u012b\u0161anas birstes. Iek\u013cauts ar\u012b fantastisks uzglab\u0101\u0161anas futr\u0101lis, lai p\u0101rliecin\u0101tos, ka viss tiek uzglab\u0101ts dro\u0161i un kop\u0101. Pievienojiet ner\u016bs\u0113jo\u0161\u0101 t\u0113rauda marin\u0101des in\u017eektoru savam piederumu arsen\u0101lam un pagatavojiet malt\u012btes, kas ir sulu spiedes un gar\u0161\u012bg\u0101kas nek\u0101 jebkad agr\u0101k.<\/p>\n","protected":false},"featured_media":3016,"comment_status":"open","ping_status":"closed","template":"","meta":[],"pwb-brand":[158],"product_brand":[],"product_cat":[160,128],"product_tag":[],"class_list":{"0":"post-3017","1":"product","2":"type-product","3":"status-publish","4":"has-post-thumbnail","6":"pwb-brand-napoleon","7":"product_cat-marinesanai","8":"product_cat-piederumi","10":"first","11":"onbackorder","12":"taxable","13":"shipping-taxable","14":"purchasable","15":"product-type-simple"},"brands":[{"id":158,"name":"Napoleon","slug":"napoleon"}],"_links":{"self":[{"href":"https:\/\/grillandmore.lv\/shop\/wp-json\/wp\/v2\/product\/3017","targetHints":{"allow":["GET"]}}],"collection":[{"href":"https:\/\/grillandmore.lv\/shop\/wp-json\/wp\/v2\/product"}],"about":[{"href":"https:\/\/grillandmore.lv\/shop\/wp-json\/wp\/v2\/types\/product"}],"replies":[{"embeddable":true,"href":"https:\/\/grillandmore.lv\/shop\/wp-json\/wp\/v2\/comments?post=3017"}],"version-history":[{"count":1,"href":"https:\/\/grillandmore.lv\/shop\/wp-json\/wp\/v2\/product\/3017\/revisions"}],"predecessor-version":[{"id":6436,"href":"https:\/\/grillandmore.lv\/shop\/wp-json\/wp\/v2\/product\/3017\/revisions\/6436"}],"wp:featuredmedia":[{"embeddable":true,"href":"https:\/\/grillandmore.lv\/shop\/wp-json\/wp\/v2\/media\/3016"}],"wp:attachment":[{"href":"https:\/\/grillandmore.lv\/shop\/wp-json\/wp\/v2\/media?parent=3017"}],"wp:term":[{"taxonomy":"pwb-brand","embeddable":true,"href":"https:\/\/grillandmore.lv\/shop\/wp-json\/wp\/v2\/pwb-brand?post=3017"},{"taxonomy":"product_brand","embeddable":true,"href":"https:\/\/grillandmore.lv\/shop\/wp-json\/wp\/v2\/product_brand?post=3017"},{"taxonomy":"product_cat","embeddable":true,"href":"https:\/\/grillandmore.lv\/shop\/wp-json\/wp\/v2\/product_cat?post=3017"},{"taxonomy":"product_tag","embeddable":true,"href":"https:\/\/grillandmore.lv\/shop\/wp-json\/wp\/v2\/product_tag?post=3017"}],"curies":[{"name":"wp","href":"https:\/\/api.w.org\/{rel}","templated":true}]}}