{"id":3032,"date":"2023-03-19T14:52:49","date_gmt":"2023-03-19T12:52:49","guid":{"rendered":"https:\/\/grillandmore.lv\/shop\/?post_type=product&#038;p=3032"},"modified":"2023-09-19T18:49:15","modified_gmt":"2023-09-19T15:49:15","slug":"napoleon-aluminija-tauku-panna-5-gab","status":"publish","type":"product","link":"https:\/\/grillandmore.lv\/shop\/products\/napoleon-aluminija-tauku-panna-5-gab\/","title":{"rendered":"Napoleon alum\u012bnija tauku panna \/ 5 gab"},"content":{"rendered":"<ul>\n<li>Izstr\u0101d\u0101ts, lai aizsarg\u0101tu j\u016bsu grilu un atvieglotu t\u0101 t\u012br\u012b\u0161anu<\/li>\n<li>\u0160\u012bs vienreiz\u0113j\u0101s lieto\u0161anas pilienu papl\u0101tes ir izgatavotas no 100% p\u0101rstr\u0101d\u0101jama alum\u012bnija<\/li>\n<li>\u0160\u012bs pilienu papl\u0101tes tiek izmantotas, lai sav\u0101ktu taukus un gru\u017eus, kas gril\u0113\u0161anas laik\u0101 var nesadegt<\/li>\n<li>Kad esat iz\u0146emts no grila, izmetiet visas atliekas no \u0161\u012bm pilienu papl\u0101t\u0113m un viegli p\u0101rstr\u0101d\u0101jiet, lai \u0101tri un vienk\u0101r\u0161i apkoptu grila grilu.<\/li>\n<li>Regul\u0101ri veicot grila apkopi, \u0161\u012bs papl\u0101tes ir j\u0101p\u0101rbauda un j\u0101maina ik p\u0113c \u010detr\u0101m l\u012bdz se\u0161\u0101m gatavo\u0161anas sesij\u0101m atkar\u012bb\u0101 no t\u0101, cik daudz grila grila.<\/li>\n<li>Varat tos izmantot uz grila s\u0101nu \u0113dieniem un p\u0101rtikas uzglab\u0101\u0161anai, ja gatavojat gril\u0113tus gardumus<\/li>\n<\/ul>\n","protected":false},"excerpt":{"rendered":"<p style=\"text-align: justify;\">Aizsarg\u0101jiet savu grilu un atvieglojiet t\u0101 t\u012br\u012b\u0161anu, izmantojot \u0161\u012bs vienreiz\u0113j\u0101s lieto\u0161anas alum\u012bnija tauku papl\u0101tes sav\u0101 gril\u0101. \u0160\u012bs papl\u0101tes tiek izmantotas, lai sav\u0101ktu taukus un gru\u017eus, kas gril\u0113\u0161anas laik\u0101 var nesadegt, un t\u0101s atrodas grila aizmugur\u0113.<\/p>\n","protected":false},"featured_media":3033,"comment_status":"open","ping_status":"closed","template":"","meta":[],"pwb-brand":[158],"product_brand":[],"product_cat":[124,163],"product_tag":[],"class_list":{"0":"post-3032","1":"product","2":"type-product","3":"status-publish","4":"has-post-thumbnail","6":"pwb-brand-napoleon","7":"product_cat-gazes-grili","8":"product_cat-tauku-pannas","10":"first","11":"onbackorder","12":"taxable","13":"shipping-taxable","14":"purchasable","15":"product-type-simple"},"brands":[{"id":158,"name":"Napoleon","slug":"napoleon"}],"_links":{"self":[{"href":"https:\/\/grillandmore.lv\/shop\/wp-json\/wp\/v2\/product\/3032","targetHints":{"allow":["GET"]}}],"collection":[{"href":"https:\/\/grillandmore.lv\/shop\/wp-json\/wp\/v2\/product"}],"about":[{"href":"https:\/\/grillandmore.lv\/shop\/wp-json\/wp\/v2\/types\/product"}],"replies":[{"embeddable":true,"href":"https:\/\/grillandmore.lv\/shop\/wp-json\/wp\/v2\/comments?post=3032"}],"version-history":[{"count":1,"href":"https:\/\/grillandmore.lv\/shop\/wp-json\/wp\/v2\/product\/3032\/revisions"}],"predecessor-version":[{"id":6429,"href":"https:\/\/grillandmore.lv\/shop\/wp-json\/wp\/v2\/product\/3032\/revisions\/6429"}],"wp:featuredmedia":[{"embeddable":true,"href":"https:\/\/grillandmore.lv\/shop\/wp-json\/wp\/v2\/media\/3033"}],"wp:attachment":[{"href":"https:\/\/grillandmore.lv\/shop\/wp-json\/wp\/v2\/media?parent=3032"}],"wp:term":[{"taxonomy":"pwb-brand","embeddable":true,"href":"https:\/\/grillandmore.lv\/shop\/wp-json\/wp\/v2\/pwb-brand?post=3032"},{"taxonomy":"product_brand","embeddable":true,"href":"https:\/\/grillandmore.lv\/shop\/wp-json\/wp\/v2\/product_brand?post=3032"},{"taxonomy":"product_cat","embeddable":true,"href":"https:\/\/grillandmore.lv\/shop\/wp-json\/wp\/v2\/product_cat?post=3032"},{"taxonomy":"product_tag","embeddable":true,"href":"https:\/\/grillandmore.lv\/shop\/wp-json\/wp\/v2\/product_tag?post=3032"}],"curies":[{"name":"wp","href":"https:\/\/api.w.org\/{rel}","templated":true}]}}