{"id":5847,"date":"2023-03-29T18:17:39","date_gmt":"2023-03-29T15:17:39","guid":{"rendered":"https:\/\/grillandmore.lv\/shop\/?post_type=product&#038;p=5847"},"modified":"2024-02-27T07:24:27","modified_gmt":"2024-02-27T05:24:27","slug":"napoleon-rogue-se-525r-br-ir-sd-stn-stl","status":"publish","type":"product","link":"https:\/\/grillandmore.lv\/shop\/products\/napoleon-rogue-se-525r-br-ir-sd-stn-stl\/","title":{"rendered":"Napoleon Rogue SE 525R.BR\/IR SD STN STL"},"content":{"rendered":"<p>Napoleon Rogue RSE6525SIBPSS ir unik\u0101ls, augst\u0101k\u0101s kvalit\u0101tes g\u0101zes grils ar labi p\u0101rdom\u0101t\u0101m sast\u0101vda\u013c\u0101m. Grils apvieno klasisko cauru\u013cu deg\u013cu tehnolo\u0123iju ar keramikas infrasarkano degli s\u0101nu pl\u012bt\u012b un vistas iesma degli aizmugur\u0113j\u0101 sien\u0101. Grils ir paredz\u0113ts gan tie\u0161ai, gan netie\u0161ai gatavo\u0161anai.<\/p>\n<p>Paldies, ka izlas\u012bj\u0101t \u0161o zi\u0146u, neaizmirstiet abon\u0113t!<br \/>\nNapoleon Rogue RSE525SIBPSS g\u0101zes grila funkcijas:<\/p>\n<p>\u2013 Galveno gril\u0113\u0161anas zonu sedz \u010detri ner\u016bs\u0113jo\u0161\u0101 t\u0113rauda cauru\u013cu deg\u013ci, kuriem grila panelim ir pievienoti speci\u0101li gaisa iepl\u016bdes caurumi, lai tie darbotos efekt\u012bv\u0101k.<br \/>\n\u2013 SIZZLE ZONE\u2122 infrasarkanais momentdeglis uz lab\u0101s darba virsmas, kas sp\u0113j sasniegt 900C 30 sekund\u0113s, pl\u012bts p\u0101rkl\u0101ts ar v\u0101ku.<br \/>\nLieliski piem\u0113rots liellopu ga\u013cai steig\u0101. Praktiski bez apkopes, jo nopilu\u0161ie tauki tiek nekav\u0113joties iztvaic\u0113ti. Ar pilienu vannu, kas iziet no aizmugures.<br \/>\n\u2013 Speci\u0101ls vistas n\u016bjas deglis gril\u0113\u0161anas virsmas aizmugur\u0113j\u0101 sien\u0101, ko var izmantot gril\u0113jot ar rot\u0101cijas koci\u0146u, vai p\u0113k\u0161\u0146ai grila cepe\u0161kr\u0101sns da\u013cas temperat\u016bras mai\u0146ai. Mak\u0161\u0137ere nav oblig\u0101ta, un to var ieg\u0101d\u0101ties atsevi\u0161\u0137i.<br \/>\n\u2013 Se\u0161i ner\u016bs\u0113jo\u0161\u0101 t\u0113rauda deg\u013ci\/sild\u012bt\u0101ji<br \/>\n\u2013 Ner\u016bs\u0113jo\u0161ie s\u0101nu galdi\u0146i gril\u0113\u0161anas piederumiem, gal\u0101 piekaramie \u0101\u0137i<br \/>\n\u2013 P\u0101rkl\u0101jums ner\u016bs\u0113jo\u0161ais t\u0113rauds, melna emalja, dubult\u0101<br \/>\n\u2013 Ner\u016bs\u0113jo\u0161\u0101 t\u0113rauda WAVE\u2122 gatavo\u0161anas restes ar vienm\u0113r\u012bgu temperat\u016bras sadal\u012bjumu<br \/>\n\u2013 Liels un caursp\u012bd\u012bgs grila termometrs<br \/>\n\u2013 Skapis ar div\u0101m durv\u012bm piederumu glab\u0101\u0161anai<br \/>\n\u2013 4 augstas kvalit\u0101tes blo\u0137\u0113jami groz\u0101mi rite\u0146i<br \/>\n\u2013 Gar\u0161vielu atvilktne s\u0101nos, ar tr\u012bs br\u012bvi izv\u0113l\u0113tiem augstumiem.<br \/>\n\u2013 Dzi\u013ci velm\u0113ta konus\u0101, tauku sav\u0101k\u0161anas tvertn\u0113, kas n\u0101k \u0101r\u0101 no priek\u0161puses<br \/>\n\u2013 Atsevi\u0161\u0137a tauku sav\u0101k\u0161anas kr\u016bze ar folijas saturu, izejas no priek\u0161puses<br \/>\n\u2013 Izgaismotas vad\u012bbas ier\u012bces<br \/>\n\u2013 Alus pude\u013cu attais\u0101mais re\u0123istrat\u016bras s\u0101nos<br \/>\n\u2013 Grila deg\u013ciem ir ierobe\u017eota Napoleon 15 gadu garantija<\/p>\n<p>Tehnisk\u0101s specifik\u0101cijas:<br \/>\n\u2013 Kop\u0113j\u0101 jauda 26,1kW<br \/>\n&#8211; 4 augstas kvalit\u0101tes ner\u016bs\u0113jo\u0161\u0101 t\u0113rauda deg\u013ci (16,6 kW)<br \/>\n\u2013 JET FIRE nevalk\u0101jama aizdedzes sist\u0113ma, kur g\u0101zes liesma tiek virz\u012bta uz degli no atsevi\u0161\u0137as aizdedzes.<br \/>\n\u2013 Keramikas infrasarkanais deglis s\u0101nu galdi\u0146\u0101 (4.5kW) apm.24x37cm, ar regul\u0113jamu augstumu \u010duguna rest\u012bti.<br \/>\n&#8211; Rot\u0101cijas stie\u0146a deg\u013ca aizmugur\u0113j\u0101s sienas (5kW)<br \/>\n\u2013 Elektronisk\u0101 JET FIRE\u2122 autom\u0101tisk\u0101 aizdedze uz pl\u012bts<br \/>\n\u2013 Izm\u0113ri (cm): P144 x A123 x D64<br \/>\n\u2013 Gril\u0113\u0161anas laukums apm.72\u00d746cm<br \/>\n\u2013 Svars 80 kg<br \/>\n\u2013 Iepakojuma izm\u0113ri (cm): 110 x 77 x 70<\/p>\n","protected":false},"excerpt":{"rendered":"<p>Napoleon Rogue RSE525SIBPSS ir jaud\u012bgs g\u0101zes grils ar \u010detriem galvenajiem deg\u013ciem, keramisko rot\u0113jo\u0161o degli un keramikas s\u0101nu degli, ner\u016bs\u0113jo\u0161\u0101 t\u0113rauda rest\u0113m.<\/p>\n","protected":false},"featured_media":5850,"comment_status":"open","ping_status":"closed","template":"","meta":[],"pwb-brand":[158],"product_brand":[],"product_cat":[124],"product_tag":[],"class_list":{"0":"post-5847","1":"product","2":"type-product","3":"status-publish","4":"has-post-thumbnail","6":"pwb-brand-napoleon","7":"product_cat-gazes-grili","9":"first","10":"onbackorder","11":"taxable","12":"shipping-taxable","13":"purchasable","14":"product-type-simple"},"brands":[{"id":158,"name":"Napoleon","slug":"napoleon"}],"_links":{"self":[{"href":"https:\/\/grillandmore.lv\/shop\/wp-json\/wp\/v2\/product\/5847","targetHints":{"allow":["GET"]}}],"collection":[{"href":"https:\/\/grillandmore.lv\/shop\/wp-json\/wp\/v2\/product"}],"about":[{"href":"https:\/\/grillandmore.lv\/shop\/wp-json\/wp\/v2\/types\/product"}],"replies":[{"embeddable":true,"href":"https:\/\/grillandmore.lv\/shop\/wp-json\/wp\/v2\/comments?post=5847"}],"version-history":[{"count":2,"href":"https:\/\/grillandmore.lv\/shop\/wp-json\/wp\/v2\/product\/5847\/revisions"}],"predecessor-version":[{"id":6416,"href":"https:\/\/grillandmore.lv\/shop\/wp-json\/wp\/v2\/product\/5847\/revisions\/6416"}],"wp:featuredmedia":[{"embeddable":true,"href":"https:\/\/grillandmore.lv\/shop\/wp-json\/wp\/v2\/media\/5850"}],"wp:attachment":[{"href":"https:\/\/grillandmore.lv\/shop\/wp-json\/wp\/v2\/media?parent=5847"}],"wp:term":[{"taxonomy":"pwb-brand","embeddable":true,"href":"https:\/\/grillandmore.lv\/shop\/wp-json\/wp\/v2\/pwb-brand?post=5847"},{"taxonomy":"product_brand","embeddable":true,"href":"https:\/\/grillandmore.lv\/shop\/wp-json\/wp\/v2\/product_brand?post=5847"},{"taxonomy":"product_cat","embeddable":true,"href":"https:\/\/grillandmore.lv\/shop\/wp-json\/wp\/v2\/product_cat?post=5847"},{"taxonomy":"product_tag","embeddable":true,"href":"https:\/\/grillandmore.lv\/shop\/wp-json\/wp\/v2\/product_tag?post=5847"}],"curies":[{"name":"wp","href":"https:\/\/api.w.org\/{rel}","templated":true}]}}