{"id":6042,"date":"2023-03-30T19:21:26","date_gmt":"2023-03-30T16:21:26","guid":{"rendered":"https:\/\/grillandmore.lv\/shop\/?post_type=product&#038;p=6042"},"modified":"2023-09-19T17:59:45","modified_gmt":"2023-09-19T14:59:45","slug":"feuermeister-premium-adas-prieksauts-bruns-3-izmers","status":"publish","type":"product","link":"https:\/\/grillandmore.lv\/shop\/products\/feuermeister-premium-adas-prieksauts-bruns-3-izmers\/","title":{"rendered":"Feuermeister\u00ae Premium \u0101das priek\u0161auts | br\u016bns | 3.izm\u0113rs"},"content":{"rendered":"<p style=\"text-align: justify;\">\u012apa\u0161\u012bbas &#8211; Barbekj\u016b priek\u0161auts no zemnieciskas ant\u012bkas \u0101das br\u016bn\u0101 kr\u0101s\u0101 ar 2 kabat\u0101m v\u0113dera rajon\u0101 un s\u0101nu siksn\u0101m dvie\u013ca vai na\u017ea apvalkam. Pateicoties regul\u0113jam\u0101m kakla un viduk\u013ca siksn\u0101m, priek\u0161autu var optim\u0101li piel\u0101got j\u016bsu izm\u0113ram.<\/p>\n<p>Bailes no lidojo\u0161\u0101m dzirkstel\u0113m bija vakar! &#8211; Grila priek\u0161auts apvieno optiku, funkcionalit\u0101ti un dro\u0161\u012bbu vien\u0101 izstr\u0101d\u0101jum\u0101.<\/p>\n<p>Kr\u0101saina da\u017e\u0101d\u012bba \u2013 liela kr\u0101su izv\u0113le starp glud\u0101ku napa \u0101du vai nedaudz raupj\u0101ku ant\u012bko \u0101du.<\/p>\n<p>Kvalit\u0101te, ko var just! &#8211; M\u016bsu \u0101das priek\u0161autiem tiek izmantota tikai kvalitat\u012bva \u0101da no m\u016bsu re\u0123ion\u0101l\u0101 un ilggad\u0113j\u0101 partnera.<\/p>\n<p>Videi! &#8211; M\u0113s piev\u0113r\u0161am lielu uzman\u012bbu videi draudz\u012bgiem sau\u013co\u0161an\u0101s procesiem, k\u0101 ar\u012b svinu un ni\u0137eli nesaturo\u0161iem lietojumiem.<\/p>\n<p style=\"text-align: justify;\">Dariet to saprotamu visiem, kam pieder grila priek\u0161auts! &#8211; Izmantojot m\u016bsu personaliz\u0113t\u0101s \u0101das embl\u0113mas, kuras m\u0113s iededzin\u0101m ar l\u0101zeru uz vietas, j\u016bs varat iededzin\u0101t savu \u013coti person\u012bgo v\u0101rda z\u012bmi vai logotipu un viegli to aizpog\u0101t ar 4 spiedpog\u0101m kr\u016b\u0161u rajon\u0101. Joproj\u0101m nezin\u0101t, ko likt uz v\u0101rda birkas? Nek\u0101du probl\u0113mu, m\u0113s nodro\u0161in\u0101sim jums kuponu, kuru var\u0113siet izmantot, lai p\u0113c tam bez maksas no mums pas\u016bt\u012btu savu v\u0101rda z\u012bmi.<\/p>\n","protected":false},"excerpt":{"rendered":"<p>Feuermeister\u00ae Premium \u0101das priek\u0161auts | Kakla siksna | ant\u012bk\u0101 \u0101da | br\u016bns<\/p>\n<p>Izm\u0113rs: 3 (garums: 100cm Platums: 80cm)<\/p>\n","protected":false},"featured_media":6034,"comment_status":"open","ping_status":"closed","template":"","meta":[],"pwb-brand":[240],"product_brand":[],"product_cat":[128,137],"product_tag":[],"class_list":{"0":"post-6042","1":"product","2":"type-product","3":"status-publish","4":"has-post-thumbnail","6":"pwb-brand-feurmeister","7":"product_cat-piederumi","8":"product_cat-prieksauti","10":"first","11":"onbackorder","12":"taxable","13":"shipping-taxable","14":"purchasable","15":"product-type-simple"},"brands":[{"id":240,"name":"Feurmeister","slug":"feurmeister"}],"_links":{"self":[{"href":"https:\/\/grillandmore.lv\/shop\/wp-json\/wp\/v2\/product\/6042","targetHints":{"allow":["GET"]}}],"collection":[{"href":"https:\/\/grillandmore.lv\/shop\/wp-json\/wp\/v2\/product"}],"about":[{"href":"https:\/\/grillandmore.lv\/shop\/wp-json\/wp\/v2\/types\/product"}],"replies":[{"embeddable":true,"href":"https:\/\/grillandmore.lv\/shop\/wp-json\/wp\/v2\/comments?post=6042"}],"version-history":[{"count":1,"href":"https:\/\/grillandmore.lv\/shop\/wp-json\/wp\/v2\/product\/6042\/revisions"}],"predecessor-version":[{"id":6043,"href":"https:\/\/grillandmore.lv\/shop\/wp-json\/wp\/v2\/product\/6042\/revisions\/6043"}],"wp:featuredmedia":[{"embeddable":true,"href":"https:\/\/grillandmore.lv\/shop\/wp-json\/wp\/v2\/media\/6034"}],"wp:attachment":[{"href":"https:\/\/grillandmore.lv\/shop\/wp-json\/wp\/v2\/media?parent=6042"}],"wp:term":[{"taxonomy":"pwb-brand","embeddable":true,"href":"https:\/\/grillandmore.lv\/shop\/wp-json\/wp\/v2\/pwb-brand?post=6042"},{"taxonomy":"product_brand","embeddable":true,"href":"https:\/\/grillandmore.lv\/shop\/wp-json\/wp\/v2\/product_brand?post=6042"},{"taxonomy":"product_cat","embeddable":true,"href":"https:\/\/grillandmore.lv\/shop\/wp-json\/wp\/v2\/product_cat?post=6042"},{"taxonomy":"product_tag","embeddable":true,"href":"https:\/\/grillandmore.lv\/shop\/wp-json\/wp\/v2\/product_tag?post=6042"}],"curies":[{"name":"wp","href":"https:\/\/api.w.org\/{rel}","templated":true}]}}