{"id":6085,"date":"2023-04-03T19:16:28","date_gmt":"2023-04-03T16:16:28","guid":{"rendered":"https:\/\/grillandmore.lv\/shop\/?post_type=product&#038;p=6085"},"modified":"2023-09-19T17:59:01","modified_gmt":"2023-09-19T14:59:01","slug":"yakiniku-xxlarge-ar-stativu-sanu-plauktiem-pro-kompektu-un-parvalku","status":"publish","type":"product","link":"https:\/\/grillandmore.lv\/shop\/products\/yakiniku-xxlarge-ar-stativu-sanu-plauktiem-pro-kompektu-un-parvalku\/","title":{"rendered":"YAKINIKU XXLARGE ar stat\u012bvu, s\u0101nu plauktiem, pro kompektu un p\u0101rvalku"},"content":{"rendered":"<p>Personu skaits 12-15<br \/>\nM\u016b\u017ea garantija*<br \/>\nIzm\u0113rs 24&#8243; \u2248 61 CM.<br \/>\nDiametrs 71,3 CM<br \/>\nGrila virsma cm2 2922,5 CM\u00b2<br \/>\nPlatums 71,3 CM<br \/>\nDzi\u013cums 86,5 CM<br \/>\nAugstums 135,3 CM<br \/>\nSvars kg. 140<\/p>\n","protected":false},"excerpt":{"rendered":"<p style=\"text-align: justify;\">YAKINIKU\u00ae Kamado priek\u0161nieks! Ar XXLARGE j\u016bs varat viegli sagatavoties lielai ball\u012btei. XXLARGE nodro\u0161ina daudz vietas un elast\u012bbu vair\u0101k\u0101m sast\u0101vda\u013c\u0101m vienlaikus. Re\u017e\u0123a diametrs ir 61 cm. \u0160is lielais Kamado modelis tiek p\u0101rdots k\u0101 komplekts, kas ietver profesion\u0101\u013cu komplektu, s\u0101nu galdi\u0146us, stat\u012bvu un aizsargp\u0101rsegu.<\/p>\n","protected":false},"featured_media":6086,"comment_status":"open","ping_status":"closed","template":"","meta":[],"pwb-brand":[241],"product_brand":[],"product_cat":[125],"product_tag":[],"class_list":{"0":"post-6085","1":"product","2":"type-product","3":"status-publish","4":"has-post-thumbnail","6":"pwb-brand-yakiniku","7":"product_cat-kokoglu-grili","9":"first","10":"onbackorder","11":"taxable","12":"shipping-taxable","13":"purchasable","14":"product-type-simple"},"brands":[{"id":241,"name":"Yakiniku","slug":"yakiniku"}],"_links":{"self":[{"href":"https:\/\/grillandmore.lv\/shop\/wp-json\/wp\/v2\/product\/6085","targetHints":{"allow":["GET"]}}],"collection":[{"href":"https:\/\/grillandmore.lv\/shop\/wp-json\/wp\/v2\/product"}],"about":[{"href":"https:\/\/grillandmore.lv\/shop\/wp-json\/wp\/v2\/types\/product"}],"replies":[{"embeddable":true,"href":"https:\/\/grillandmore.lv\/shop\/wp-json\/wp\/v2\/comments?post=6085"}],"version-history":[{"count":1,"href":"https:\/\/grillandmore.lv\/shop\/wp-json\/wp\/v2\/product\/6085\/revisions"}],"predecessor-version":[{"id":6092,"href":"https:\/\/grillandmore.lv\/shop\/wp-json\/wp\/v2\/product\/6085\/revisions\/6092"}],"wp:featuredmedia":[{"embeddable":true,"href":"https:\/\/grillandmore.lv\/shop\/wp-json\/wp\/v2\/media\/6086"}],"wp:attachment":[{"href":"https:\/\/grillandmore.lv\/shop\/wp-json\/wp\/v2\/media?parent=6085"}],"wp:term":[{"taxonomy":"pwb-brand","embeddable":true,"href":"https:\/\/grillandmore.lv\/shop\/wp-json\/wp\/v2\/pwb-brand?post=6085"},{"taxonomy":"product_brand","embeddable":true,"href":"https:\/\/grillandmore.lv\/shop\/wp-json\/wp\/v2\/product_brand?post=6085"},{"taxonomy":"product_cat","embeddable":true,"href":"https:\/\/grillandmore.lv\/shop\/wp-json\/wp\/v2\/product_cat?post=6085"},{"taxonomy":"product_tag","embeddable":true,"href":"https:\/\/grillandmore.lv\/shop\/wp-json\/wp\/v2\/product_tag?post=6085"}],"curies":[{"name":"wp","href":"https:\/\/api.w.org\/{rel}","templated":true}]}}