{"id":6093,"date":"2023-04-03T19:22:27","date_gmt":"2023-04-03T16:22:27","guid":{"rendered":"https:\/\/grillandmore.lv\/shop\/?post_type=product&#038;p=6093"},"modified":"2023-09-19T17:58:56","modified_gmt":"2023-09-19T14:58:56","slug":"yakiniku-round-shichirin-teppanyaki-hibachi-grill","status":"publish","type":"product","link":"https:\/\/grillandmore.lv\/shop\/products\/yakiniku-round-shichirin-teppanyaki-hibachi-grill\/","title":{"rendered":"YAKINIKU ROUND SHICHIRIN | TEPPANYAKI &#038; HIBACHI GRILL"},"content":{"rendered":"<p>Personu skaits 2-6<br \/>\nDiametrs 34,5 CM<br \/>\nAugstums 17cm<br \/>\nSvars kg. 10.6<\/p>\n","protected":false},"excerpt":{"rendered":"<p style=\"text-align: justify;\">YAKINIKU\u00ae Shichirin ir tradicion\u0101ls jap\u0101\u0146u galda grils. &#8220;Uzlabot cilv\u0113kus&#8221; ir jap\u0101\u0146u dev\u012bze. Cilv\u0113ku pulc\u0113\u0161ana, galda piepild\u012b\u0161ana ar labu \u0113dienu un gril\u0113\u0161ana. Gril\u0113\u0161ana uz Shichirin nav tikai b\u0101rbekj\u016b. \u0160\u012b ir pavisam cita discipl\u012bna. Izsmalcin\u0101t\u0101ks, elegant\u0101ks un maz\u0101ks. \u0160aj\u0101 Shichirin k\u0101rt\u0101 j\u016bs ar lielu precizit\u0101ti pagatavojat visgar\u0161\u012bg\u0101kos \u0113dienus.<\/p>\n","protected":false},"featured_media":6094,"comment_status":"open","ping_status":"closed","template":"","meta":[],"pwb-brand":[241],"product_brand":[],"product_cat":[125],"product_tag":[],"class_list":{"0":"post-6093","1":"product","2":"type-product","3":"status-publish","4":"has-post-thumbnail","6":"pwb-brand-yakiniku","7":"product_cat-kokoglu-grili","9":"first","10":"onbackorder","11":"taxable","12":"shipping-taxable","13":"purchasable","14":"product-type-simple"},"brands":[{"id":241,"name":"Yakiniku","slug":"yakiniku"}],"_links":{"self":[{"href":"https:\/\/grillandmore.lv\/shop\/wp-json\/wp\/v2\/product\/6093","targetHints":{"allow":["GET"]}}],"collection":[{"href":"https:\/\/grillandmore.lv\/shop\/wp-json\/wp\/v2\/product"}],"about":[{"href":"https:\/\/grillandmore.lv\/shop\/wp-json\/wp\/v2\/types\/product"}],"replies":[{"embeddable":true,"href":"https:\/\/grillandmore.lv\/shop\/wp-json\/wp\/v2\/comments?post=6093"}],"version-history":[{"count":1,"href":"https:\/\/grillandmore.lv\/shop\/wp-json\/wp\/v2\/product\/6093\/revisions"}],"predecessor-version":[{"id":6099,"href":"https:\/\/grillandmore.lv\/shop\/wp-json\/wp\/v2\/product\/6093\/revisions\/6099"}],"wp:featuredmedia":[{"embeddable":true,"href":"https:\/\/grillandmore.lv\/shop\/wp-json\/wp\/v2\/media\/6094"}],"wp:attachment":[{"href":"https:\/\/grillandmore.lv\/shop\/wp-json\/wp\/v2\/media?parent=6093"}],"wp:term":[{"taxonomy":"pwb-brand","embeddable":true,"href":"https:\/\/grillandmore.lv\/shop\/wp-json\/wp\/v2\/pwb-brand?post=6093"},{"taxonomy":"product_brand","embeddable":true,"href":"https:\/\/grillandmore.lv\/shop\/wp-json\/wp\/v2\/product_brand?post=6093"},{"taxonomy":"product_cat","embeddable":true,"href":"https:\/\/grillandmore.lv\/shop\/wp-json\/wp\/v2\/product_cat?post=6093"},{"taxonomy":"product_tag","embeddable":true,"href":"https:\/\/grillandmore.lv\/shop\/wp-json\/wp\/v2\/product_tag?post=6093"}],"curies":[{"name":"wp","href":"https:\/\/api.w.org\/{rel}","templated":true}]}}