{"id":8547,"date":"2023-06-04T13:43:12","date_gmt":"2023-06-04T10:43:12","guid":{"rendered":"http:\/\/www.celojumam.lv\/?post_type=product&#038;p=8547"},"modified":"2023-10-01T10:04:35","modified_gmt":"2023-10-01T07:04:35","slug":"baseina-filtru-komplekts-lf90","status":"publish","type":"product","link":"https:\/\/grillandmore.lv\/shop\/products\/baseina-filtru-komplekts-lf90\/","title":{"rendered":"Baseina filtru komplekts LF90"},"content":{"rendered":"<ul>\n<li>Izm\u0113rs: \u00d87,5 x 8,5 cm<\/li>\n<li>Der visiem \u201cMSPA\u201d baseiniem<\/li>\n<li>Iepakojum\u0101 2 gab.<\/li>\n<\/ul>\n","protected":false},"excerpt":{"rendered":"<p>Filtri ar 90 ieloc\u0113m ir piem\u0113roti visiem \u201cMspa\u201d baseiniem.<br \/>\nFiltru kasetnes nodro\u0161ina t\u012bru \u016bdeni j\u016bsu basein\u0101. Tos ir \u0113rti uzst\u0101d\u012bt un veikt to apkopi. Tie vienk\u0101r\u0161i j\u0101noskalo zem \u016bdens str\u016bklas. Ja tie p\u0113c skalo\u0161anas joproj\u0101m ir net\u012bri vai ir main\u012bju\u0161i kr\u0101su, tie j\u0101nomaina. Cit\u0101di var saboj\u0101ties filtra s\u016bknis. \u201cMspa\u201d filtri ir izgatavoti nevis no pap\u012bra, bet gan no polipropil\u0113na.<\/p>\n","protected":false},"featured_media":11104,"comment_status":"open","ping_status":"closed","template":"","meta":[],"pwb-brand":[239],"product_brand":[],"product_cat":[304,297],"product_tag":[],"class_list":{"0":"post-8547","1":"product","2":"type-product","3":"status-publish","4":"has-post-thumbnail","6":"pwb-brand-mspa","7":"product_cat-piederumi-piepusamie-baseini","8":"product_cat-piepusamie-baseini","10":"first","11":"onbackorder","12":"taxable","13":"shipping-taxable","14":"purchasable","15":"product-type-simple"},"brands":[{"id":239,"name":"MSpa","slug":"mspa"}],"_links":{"self":[{"href":"https:\/\/grillandmore.lv\/shop\/wp-json\/wp\/v2\/product\/8547","targetHints":{"allow":["GET"]}}],"collection":[{"href":"https:\/\/grillandmore.lv\/shop\/wp-json\/wp\/v2\/product"}],"about":[{"href":"https:\/\/grillandmore.lv\/shop\/wp-json\/wp\/v2\/types\/product"}],"replies":[{"embeddable":true,"href":"https:\/\/grillandmore.lv\/shop\/wp-json\/wp\/v2\/comments?post=8547"}],"version-history":[{"count":1,"href":"https:\/\/grillandmore.lv\/shop\/wp-json\/wp\/v2\/product\/8547\/revisions"}],"predecessor-version":[{"id":11110,"href":"https:\/\/grillandmore.lv\/shop\/wp-json\/wp\/v2\/product\/8547\/revisions\/11110"}],"wp:featuredmedia":[{"embeddable":true,"href":"https:\/\/grillandmore.lv\/shop\/wp-json\/wp\/v2\/media\/11104"}],"wp:attachment":[{"href":"https:\/\/grillandmore.lv\/shop\/wp-json\/wp\/v2\/media?parent=8547"}],"wp:term":[{"taxonomy":"pwb-brand","embeddable":true,"href":"https:\/\/grillandmore.lv\/shop\/wp-json\/wp\/v2\/pwb-brand?post=8547"},{"taxonomy":"product_brand","embeddable":true,"href":"https:\/\/grillandmore.lv\/shop\/wp-json\/wp\/v2\/product_brand?post=8547"},{"taxonomy":"product_cat","embeddable":true,"href":"https:\/\/grillandmore.lv\/shop\/wp-json\/wp\/v2\/product_cat?post=8547"},{"taxonomy":"product_tag","embeddable":true,"href":"https:\/\/grillandmore.lv\/shop\/wp-json\/wp\/v2\/product_tag?post=8547"}],"curies":[{"name":"wp","href":"https:\/\/api.w.org\/{rel}","templated":true}]}}