{"id":8559,"date":"2023-06-04T14:03:57","date_gmt":"2023-06-04T11:03:57","guid":{"rendered":"http:\/\/www.celojumam.lv\/?post_type=product&#038;p=8559"},"modified":"2023-10-01T10:06:17","modified_gmt":"2023-10-01T07:06:17","slug":"baseina-parvalks-6","status":"publish","type":"product","link":"https:\/\/grillandmore.lv\/shop\/products\/baseina-parvalks-6\/","title":{"rendered":"Baseina p\u0101rvalks &#8211; 6"},"content":{"rendered":"<p>Izm\u0113rs: 215 x 70 cm (85\u201d x 27,5\u201d)<\/p>\n","protected":false},"excerpt":{"rendered":"<p>Pasarg\u0101jiet savu spa vannu no laikapst\u0101k\u013cu, piem\u0113ram, lietus un saules iedarb\u012bbas.<\/p>\n<p>Paredz\u0113ts 6 viet\u012bgajiem baseiniem<\/p>\n","protected":false},"featured_media":11100,"comment_status":"open","ping_status":"closed","template":"","meta":[],"pwb-brand":[239],"product_brand":[],"product_cat":[304,297],"product_tag":[],"class_list":{"0":"post-8559","1":"product","2":"type-product","3":"status-publish","4":"has-post-thumbnail","6":"pwb-brand-mspa","7":"product_cat-piederumi-piepusamie-baseini","8":"product_cat-piepusamie-baseini","10":"first","11":"onbackorder","12":"taxable","13":"shipping-taxable","14":"purchasable","15":"product-type-simple"},"brands":[{"id":239,"name":"MSpa","slug":"mspa"}],"_links":{"self":[{"href":"https:\/\/grillandmore.lv\/shop\/wp-json\/wp\/v2\/product\/8559","targetHints":{"allow":["GET"]}}],"collection":[{"href":"https:\/\/grillandmore.lv\/shop\/wp-json\/wp\/v2\/product"}],"about":[{"href":"https:\/\/grillandmore.lv\/shop\/wp-json\/wp\/v2\/types\/product"}],"replies":[{"embeddable":true,"href":"https:\/\/grillandmore.lv\/shop\/wp-json\/wp\/v2\/comments?post=8559"}],"version-history":[{"count":2,"href":"https:\/\/grillandmore.lv\/shop\/wp-json\/wp\/v2\/product\/8559\/revisions"}],"predecessor-version":[{"id":11112,"href":"https:\/\/grillandmore.lv\/shop\/wp-json\/wp\/v2\/product\/8559\/revisions\/11112"}],"wp:featuredmedia":[{"embeddable":true,"href":"https:\/\/grillandmore.lv\/shop\/wp-json\/wp\/v2\/media\/11100"}],"wp:attachment":[{"href":"https:\/\/grillandmore.lv\/shop\/wp-json\/wp\/v2\/media?parent=8559"}],"wp:term":[{"taxonomy":"pwb-brand","embeddable":true,"href":"https:\/\/grillandmore.lv\/shop\/wp-json\/wp\/v2\/pwb-brand?post=8559"},{"taxonomy":"product_brand","embeddable":true,"href":"https:\/\/grillandmore.lv\/shop\/wp-json\/wp\/v2\/product_brand?post=8559"},{"taxonomy":"product_cat","embeddable":true,"href":"https:\/\/grillandmore.lv\/shop\/wp-json\/wp\/v2\/product_cat?post=8559"},{"taxonomy":"product_tag","embeddable":true,"href":"https:\/\/grillandmore.lv\/shop\/wp-json\/wp\/v2\/product_tag?post=8559"}],"curies":[{"name":"wp","href":"https:\/\/api.w.org\/{rel}","templated":true}]}}